Last updated on 2025-04-30 01:50:15 CEST.
Flavor | Version | Tinstall | Tcheck | Ttotal | Status | Flags |
---|---|---|---|---|---|---|
r-devel-linux-x86_64-debian-clang | 1.0.6 | 22.41 | 200.54 | 222.95 | NOTE | --no-vignettes |
r-devel-linux-x86_64-debian-gcc | 1.0.6 | 12.59 | 137.68 | 150.27 | NOTE | --no-vignettes |
r-devel-linux-x86_64-fedora-clang | 1.0.6 | 763.71 | OK | |||
r-devel-linux-x86_64-fedora-gcc | 1.0.6 | 739.12 | OK | |||
r-devel-windows-x86_64 | 1.0.6 | 24.00 | 261.00 | 285.00 | OK | --no-vignettes |
r-patched-linux-x86_64 | 1.0.6 | 26.66 | 195.61 | 222.27 | OK | --no-vignettes |
r-release-linux-x86_64 | 1.0.6 | 19.55 | 195.59 | 215.14 | OK | --no-vignettes |
r-release-macos-arm64 | 1.0.6 | 220.00 | OK | |||
r-release-macos-x86_64 | 1.0.6 | 402.00 | OK | |||
r-release-windows-x86_64 | 1.0.6 | 25.00 | 260.00 | 285.00 | OK | --no-vignettes |
r-oldrel-macos-arm64 | 1.0.6 | 196.00 | OK | |||
r-oldrel-macos-x86_64 | 1.0.6 | 543.00 | OK | |||
r-oldrel-windows-x86_64 | 1.0.6 | 29.00 | 302.00 | 331.00 | OK | --no-vignettes |
Version: 1.0.6
Flags: --no-vignettes
Check: examples
Result: NOTE
Examples with CPU (user + system) or elapsed time > 5s
user system elapsed
examine 7.758 0.085 9.101
stopTrial 5.984 0.012 7.048
summary-PseudoDualSimulations-method 5.607 0.001 7.712
show-PseudoDualSimulationsSummary-method 5.475 0.044 6.180
plot-PseudoDualSimulations-missing-method 5.066 0.016 5.536
Flavor: r-devel-linux-x86_64-debian-clang
Version: 1.0.6
Flags: --no-vignettes
Check: examples
Result: NOTE
Examples with CPU (user + system) or elapsed time > 5s
user system elapsed
MinimalInformative 5.383 0.032 6.704
examine 5.016 0.050 6.804
Flavor: r-devel-linux-x86_64-debian-gcc