Last updated on 2024-05-21 02:01:58 CEST.
Flavor | Version | Tinstall | Tcheck | Ttotal | Status | Flags |
---|---|---|---|---|---|---|
r-devel-linux-x86_64-debian-clang | 0.5.1 | 4.62 | 36.96 | 41.58 | NOTE | |
r-devel-linux-x86_64-debian-gcc | 0.5.1 | 3.09 | 28.27 | 31.36 | NOTE | |
r-devel-linux-x86_64-fedora-clang | 0.5.1 | 53.90 | NOTE | |||
r-devel-linux-x86_64-fedora-gcc | 0.5.1 | 48.21 | NOTE | |||
r-devel-windows-x86_64 | 0.5.1 | 5.00 | 48.00 | 53.00 | NOTE | |
r-patched-linux-x86_64 | 0.5.1 | 4.44 | 34.88 | 39.32 | NOTE | |
r-release-linux-x86_64 | 0.5.1 | 4.24 | 34.42 | 38.66 | NOTE | |
r-release-macos-arm64 | 0.5.1 | 20.00 | NOTE | |||
r-release-windows-x86_64 | 0.5.1 | 8.00 | 48.00 | 56.00 | NOTE | |
r-oldrel-macos-arm64 | 0.5.1 | 21.00 | NOTE | |||
r-oldrel-macos-x86_64 | 0.5.1 | 30.00 | NOTE | |||
r-oldrel-windows-x86_64 | 0.5.1 | 7.00 | 50.00 | 57.00 | NOTE |
Version: 0.5.1
Check: LazyData
Result: NOTE
'LazyData' is specified without a 'data' directory
Flavors: r-devel-linux-x86_64-debian-clang, r-devel-linux-x86_64-debian-gcc, r-devel-linux-x86_64-fedora-clang, r-devel-linux-x86_64-fedora-gcc, r-devel-windows-x86_64, r-patched-linux-x86_64, r-release-linux-x86_64, r-release-macos-arm64, r-release-windows-x86_64, r-oldrel-macos-arm64, r-oldrel-macos-x86_64, r-oldrel-windows-x86_64