Last updated on 2025-11-16 01:49:12 CET.
| Flavor | Version | Tinstall | Tcheck | Ttotal | Status | Flags |
|---|---|---|---|---|---|---|
| r-devel-linux-x86_64-debian-clang | 0.8.2 | 11.88 | 238.11 | 249.99 | OK | |
| r-devel-linux-x86_64-debian-gcc | 0.8.2 | 8.47 | 168.01 | 176.48 | NOTE | |
| r-devel-linux-x86_64-fedora-clang | 0.8.2 | 36.00 | 359.56 | 395.56 | OK | |
| r-devel-linux-x86_64-fedora-gcc | 0.8.2 | 50.00 | 374.73 | 424.73 | OK | |
| r-devel-windows-x86_64 | 0.8.2 | 19.00 | 203.00 | 222.00 | OK | |
| r-patched-linux-x86_64 | 0.8.2 | 13.43 | 227.74 | 241.17 | OK | |
| r-release-linux-x86_64 | 0.8.2 | 13.02 | 232.94 | 245.96 | OK | |
| r-release-macos-arm64 | 0.8.2 | 6.00 | 93.00 | 99.00 | OK | |
| r-release-macos-x86_64 | 0.8.2 | 17.00 | 345.00 | 362.00 | OK | |
| r-release-windows-x86_64 | 0.8.2 | 17.00 | 203.00 | 220.00 | OK | |
| r-oldrel-macos-arm64 | 0.8.2 | 6.00 | 95.00 | 101.00 | OK | |
| r-oldrel-macos-x86_64 | 0.8.2 | 15.00 | 377.00 | 392.00 | OK | |
| r-oldrel-windows-x86_64 | 0.8.2 | 21.00 | 264.00 | 285.00 | OK |
Version: 0.8.2
Check: CRAN incoming feasibility
Result: NOTE
Maintainer: ‘Dan Chaltiel <dan.chaltiel@gmail.com>’
The BugReports field in DESCRIPTION has
https://github.com/DanChaltiel/crosstable/issues/
which should likely be
https://github.com/DanChaltiel/crosstable/issues/issues
instead.
Flavor: r-devel-linux-x86_64-debian-gcc