CRAN Package Check Results for Package crossword.r

Last updated on 2025-05-02 01:51:53 CEST.

Flavor Version Tinstall Tcheck Ttotal Status Flags
r-devel-linux-x86_64-debian-clang 0.3.6 2.21 22.70 24.91 NOTE
r-devel-linux-x86_64-debian-gcc 0.3.6 1.89 17.93 19.82 NOTE
r-devel-linux-x86_64-fedora-clang 0.3.6 37.76 NOTE
r-devel-linux-x86_64-fedora-gcc 0.3.6 35.79 NOTE
r-devel-windows-x86_64 0.3.6 5.00 45.00 50.00 NOTE
r-patched-linux-x86_64 0.3.6 2.16 20.62 22.78 NOTE
r-release-linux-x86_64 NOTE
r-release-macos-arm64 0.3.6 20.00 OK
r-release-macos-x86_64 0.3.6 27.00 OK
r-release-windows-x86_64 0.3.6 5.00 53.00 58.00 NOTE
r-oldrel-macos-arm64 0.3.6 19.00 NOTE
r-oldrel-macos-x86_64 0.3.6 24.00 NOTE
r-oldrel-windows-x86_64 0.3.6 5.00 46.00 51.00 NOTE

Check Details

Version: 0.3.6
Check: CRAN incoming feasibility
Result: NOTE Maintainer: ‘Peter Meissner <retep.meissner@gmail.com>’ No Authors@R field in DESCRIPTION. Please add one, modifying Authors@R: person(given = "Peter", family = "Meissner", role = c("aut", "cre"), email = "retep.meissner@gmail.com") as necessary. Flavors: r-devel-linux-x86_64-debian-clang, r-devel-linux-x86_64-debian-gcc

Version: 0.3.6
Check: Rd cross-references
Result: NOTE Found the following Rd file(s) with Rd \link{} targets missing package anchors: Crossword.Rd: R6Class Please provide package anchors for all Rd \link{} targets not in the package itself and the base packages. Flavors: r-devel-linux-x86_64-debian-clang, r-devel-linux-x86_64-debian-gcc, r-devel-windows-x86_64, r-patched-linux-x86_64, r-release-linux-x86_64, r-release-windows-x86_64

Version: 0.3.6
Check: dependencies in R code
Result: NOTE Namespaces in Imports field not imported from: ‘R6’ ‘dplyr’ ‘r6extended’ All declared Imports should be used. Flavors: r-devel-linux-x86_64-fedora-clang, r-devel-linux-x86_64-fedora-gcc

Version: 0.3.6
Check: LazyData
Result: NOTE 'LazyData' is specified without a 'data' directory Flavors: r-oldrel-macos-arm64, r-oldrel-macos-x86_64, r-oldrel-windows-x86_64