Last updated on 2025-10-31 01:48:54 CET.
| Flavor | Version | Tinstall | Tcheck | Ttotal | Status | Flags | 
|---|---|---|---|---|---|---|
| r-devel-linux-x86_64-debian-clang | 0.3.0 | 6.04 | 58.76 | 64.80 | NOTE | |
| r-devel-linux-x86_64-debian-gcc | 0.3.0 | 4.16 | 40.80 | 44.96 | NOTE | |
| r-devel-linux-x86_64-fedora-clang | 0.3.0 | 13.00 | 84.21 | 97.21 | NOTE | |
| r-devel-linux-x86_64-fedora-gcc | 0.3.0 | 14.00 | 77.75 | 91.75 | NOTE | |
| r-devel-windows-x86_64 | 0.3.0 | 6.00 | 72.00 | 78.00 | NOTE | |
| r-patched-linux-x86_64 | 0.3.0 | 5.65 | 55.75 | 61.40 | NOTE | |
| r-release-linux-x86_64 | 0.3.0 | 6.33 | 55.97 | 62.30 | NOTE | |
| r-release-macos-arm64 | 0.3.0 | 3.00 | 31.00 | 34.00 | NOTE | |
| r-release-macos-x86_64 | 0.3.0 | 5.00 | 55.00 | 60.00 | NOTE | |
| r-release-windows-x86_64 | 0.3.0 | 7.00 | 74.00 | 81.00 | NOTE | |
| r-oldrel-macos-arm64 | 0.3.0 | 3.00 | 27.00 | 30.00 | NOTE | |
| r-oldrel-macos-x86_64 | 0.3.0 | 4.00 | 44.00 | 48.00 | NOTE | |
| r-oldrel-windows-x86_64 | 0.3.0 | 8.00 | 85.00 | 93.00 | NOTE | 
Version: 0.3.0
Check: CRAN incoming feasibility
Result: NOTE
  Maintainer: ‘Javier Espinosa <javier.espinosa.b@usach.cl>’
  
  No Authors@R field in DESCRIPTION.
  Please add one, modifying
    Authors@R: person(given = "Javier",
                      family = "Espinosa",
                      role = c("aut", "cre"),
                      email = "javier.espinosa.b@usach.cl")
  as necessary.
Flavors: r-devel-linux-x86_64-debian-clang, r-devel-linux-x86_64-debian-gcc
Version: 0.3.0
Check: Rd files
Result: NOTE
  checkRd: (-1) confRegCCR.Rd:24: Lost braces; missing escapes or markup?
      24 | of interest, beta_{0r}, and the remaining ones are the constrained MLEs given beta_{0r}.}
         |                   ^
  checkRd: (-1) confRegCCR.Rd:24: Lost braces; missing escapes or markup?
      24 | of interest, beta_{0r}, and the remaining ones are the constrained MLEs given beta_{0r}.}
         |                                                                                    ^
  checkRd: (-1) confRegCCR.Rd:27: Lost braces; missing escapes or markup?
      27 | beta_{0r} in \code{paramVals}, which are those of interest, usually the ones
         |      ^
  checkRd: (-1) confRegUCRandUCCR.Rd:24: Lost braces; missing escapes or markup?
      24 | of interest, beta_{0r}, and the remaining ones are the unconstrained MLEs given beta_{0r}.}
         |                   ^
  checkRd: (-1) confRegUCRandUCCR.Rd:24: Lost braces; missing escapes or markup?
      24 | of interest, beta_{0r}, and the remaining ones are the unconstrained MLEs given beta_{0r}.}
         |                                                                                      ^
  checkRd: (-1) confRegUCRandUCCR.Rd:27: Lost braces; missing escapes or markup?
      27 | beta_{0r} in \code{paramVals}, which are those of interest, usually the ones
         |      ^
Flavors: r-devel-linux-x86_64-debian-clang, r-devel-linux-x86_64-debian-gcc, r-devel-linux-x86_64-fedora-clang, r-devel-linux-x86_64-fedora-gcc, r-devel-windows-x86_64, r-patched-linux-x86_64, r-release-linux-x86_64, r-release-macos-arm64, r-release-macos-x86_64, r-release-windows-x86_64, r-oldrel-macos-arm64, r-oldrel-macos-x86_64, r-oldrel-windows-x86_64