Last updated on 2025-02-19 01:50:46 CET.
Flavor | Version | Tinstall | Tcheck | Ttotal | Status | Flags |
---|---|---|---|---|---|---|
r-devel-linux-x86_64-debian-clang | 0.7.1 | 30.69 | 262.54 | 293.23 | OK | |
r-devel-linux-x86_64-debian-gcc | 0.7.1 | 19.39 | 169.27 | 188.66 | OK | |
r-devel-linux-x86_64-fedora-clang | 0.7.1 | 499.26 | OK | |||
r-devel-linux-x86_64-fedora-gcc | 0.7.1 | 434.35 | OK | |||
r-devel-macos-arm64 | 0.7.1 | 109.00 | OK | |||
r-devel-macos-x86_64 | 0.7.1 | 213.00 | OK | |||
r-devel-windows-x86_64 | 0.7.1 | 29.00 | 213.00 | 242.00 | OK | |
r-patched-linux-x86_64 | 0.7.1 | 29.16 | 241.37 | 270.53 | OK | |
r-release-linux-x86_64 | 0.7.1 | 27.79 | 238.56 | 266.35 | OK | |
r-release-macos-arm64 | 0.7.1 | 104.00 | OK | |||
r-release-macos-x86_64 | 0.7.1 | 163.00 | OK | |||
r-release-windows-x86_64 | 0.7.1 | 27.00 | 3.00 | 30.00 | FAIL | |
r-oldrel-macos-arm64 | 0.7.1 | 109.00 | OK | |||
r-oldrel-macos-x86_64 | 0.7.1 | 156.00 | OK | |||
r-oldrel-windows-x86_64 | 0.7.1 | 39.00 | 273.00 | 312.00 | OK |
Version: 0.7.1
Check: package dependencies
Result: FAIL
Flavor: r-release-windows-x86_64