Last updated on 2025-05-01 01:49:28 CEST.
Flavor | Version | Tinstall | Tcheck | Ttotal | Status | Flags |
---|---|---|---|---|---|---|
r-devel-linux-x86_64-debian-clang | 0.1.0 | 4.59 | 152.07 | 156.66 | NOTE | |
r-devel-linux-x86_64-debian-gcc | 0.1.0 | 2.98 | 104.89 | 107.87 | OK | |
r-devel-linux-x86_64-fedora-clang | 0.1.0 | 244.56 | OK | |||
r-devel-linux-x86_64-fedora-gcc | 0.1.0 | 252.89 | OK | |||
r-devel-windows-x86_64 | 0.1.0 | 7.00 | 144.00 | 151.00 | OK | |
r-patched-linux-x86_64 | 0.1.0 | 5.12 | 144.55 | 149.67 | OK | |
r-release-linux-x86_64 | 0.1.0 | 4.44 | 144.40 | 148.84 | OK | |
r-release-macos-arm64 | 0.1.0 | 61.00 | OK | |||
r-release-macos-x86_64 | 0.1.0 | 143.00 | OK | |||
r-release-windows-x86_64 | 0.1.0 | 7.00 | 146.00 | 153.00 | OK | |
r-oldrel-macos-arm64 | 0.1.0 | 73.00 | OK | |||
r-oldrel-macos-x86_64 | 0.1.0 | 197.00 | OK | |||
r-oldrel-windows-x86_64 | 0.1.0 | 10.00 | 193.00 | 203.00 | OK |
Version: 0.1.0
Check: examples
Result: NOTE
Examples with CPU (user + system) or elapsed time > 5s
user system elapsed
resample_csquares 9.310 0.079 10.650
st_as_stars.csquares 7.168 0.046 8.768
tidyverse 4.095 0.000 5.439
Flavor: r-devel-linux-x86_64-debian-clang
Version: 0.1.0
Check: examples
Result: NA
user system elapsed
resample_csquares 6.737 0.070 8.361
st_as_stars.csquares 3.997 0.066 5.330
OK
Flavor: r-devel-linux-x86_64-debian-gcc