CRAN Package Check Results for Package ctsemOMX

Last updated on 2025-05-05 01:50:44 CEST.

Flavor Version Tinstall Tcheck Ttotal Status Flags
r-devel-linux-x86_64-debian-clang 1.0.6 35.18 639.41 674.59 NOTE
r-devel-linux-x86_64-debian-gcc 1.0.6 25.07 404.14 429.21 NOTE
r-devel-linux-x86_64-fedora-clang 1.0.6 1093.48 OK
r-devel-linux-x86_64-fedora-gcc 1.0.6 1071.37 OK
r-devel-windows-x86_64 1.0.6 30.00 212.00 242.00 NOTE --no-vignettes
r-patched-linux-x86_64 1.0.6 37.94 588.21 626.15 NOTE
r-release-linux-x86_64 1.0.6 34.28 591.11 625.39 NOTE
r-release-macos-arm64 1.0.6 228.00 OK
r-release-macos-x86_64 1.0.6 8.00 ERROR
r-release-windows-x86_64 1.0.6 27.00 196.00 223.00 NOTE --no-vignettes
r-oldrel-macos-arm64 1.0.6 198.00 OK
r-oldrel-macos-x86_64 1.0.6 11.00 ERROR
r-oldrel-windows-x86_64 1.0.6 38.00 249.00 287.00 OK --no-vignettes

Check Details

Version: 1.0.6
Check: Rd cross-references
Result: NOTE Found the following Rd file(s) with Rd \link{} targets missing package anchors: ctFit.Rd: ctModel ctModelFromFit.Rd: ctModel ctMultigroupFit.Rd: ctLongToWide, ctModel ctPostPredict.Rd: ctPlotArray ctRefineTo.Rd: ctModel ctsemOMX.Rd: ctModel summary.ctsemFit.Rd: ctModel Please provide package anchors for all Rd \link{} targets not in the package itself and the base packages. Flavors: r-devel-linux-x86_64-debian-clang, r-devel-linux-x86_64-debian-gcc, r-patched-linux-x86_64, r-release-linux-x86_64

Version: 1.0.6
Flags: --no-vignettes
Check: Rd cross-references
Result: NOTE Found the following Rd file(s) with Rd \link{} targets missing package anchors: ctFit.Rd: ctModel ctModelFromFit.Rd: ctModel ctMultigroupFit.Rd: ctLongToWide, ctModel ctPostPredict.Rd: ctPlotArray ctRefineTo.Rd: ctModel ctsemOMX.Rd: ctModel summary.ctsemFit.Rd: ctModel Please provide package anchors for all Rd \link{} targets not in the package itself and the base packages. Flavors: r-devel-windows-x86_64, r-release-windows-x86_64

Version: 1.0.6
Check: package dependencies
Result: ERROR Package required but not available: ‘ctsem’ See section ‘The DESCRIPTION file’ in the ‘Writing R Extensions’ manual. Flavors: r-release-macos-x86_64, r-oldrel-macos-x86_64