Last updated on 2025-05-09 01:50:02 CEST.
Flavor | Version | Tinstall | Tcheck | Ttotal | Status | Flags |
---|---|---|---|---|---|---|
r-devel-linux-x86_64-debian-clang | 1.0.0 | 13.62 | 132.80 | 146.42 | NOTE | |
r-devel-linux-x86_64-debian-gcc | 1.0.0 | 10.57 | 100.28 | 110.85 | NOTE | |
r-devel-linux-x86_64-fedora-clang | 1.0.0 | 249.34 | NOTE | |||
r-devel-linux-x86_64-fedora-gcc | 1.0.0 | 238.95 | NOTE | |||
r-devel-windows-x86_64 | 1.0.0 | 14.00 | 121.00 | 135.00 | NOTE | |
r-patched-linux-x86_64 | 1.0.0 | 14.20 | 126.49 | 140.69 | NOTE | |
r-release-linux-x86_64 | 1.0.0 | 13.19 | 126.65 | 139.84 | NOTE | |
r-release-macos-arm64 | 1.0.0 | 76.00 | NOTE | |||
r-release-macos-x86_64 | 1.0.0 | 128.00 | NOTE | |||
r-release-windows-x86_64 | 1.0.0 | 15.00 | 129.00 | 144.00 | NOTE | |
r-oldrel-macos-arm64 | 1.0.0 | 74.00 | OK | |||
r-oldrel-macos-x86_64 | 1.0.0 | 140.00 | OK | |||
r-oldrel-windows-x86_64 | 1.0.0 | 20.00 | 157.00 | 177.00 | OK |
Version: 1.0.0
Check: DESCRIPTION meta-information
Result: NOTE
Missing dependency on R >= 4.1.0 because package code uses the pipe
|> or function shorthand \(...) syntax added in R 4.1.0.
File(s) using such syntax:
‘apply_by_blocks.R’ ‘balance_by_blocks.Rd’ ‘balance_matrix.R’
‘balance_matrix.Rd’ ‘make_non_negative.Rd’ ‘round_by_blocks.Rd’
‘round_matrix.R’ ‘round_matrix.Rd’ ‘round_vector.Rd’
Flavors: r-devel-linux-x86_64-debian-clang, r-devel-linux-x86_64-debian-gcc, r-devel-linux-x86_64-fedora-clang, r-devel-linux-x86_64-fedora-gcc, r-devel-windows-x86_64, r-patched-linux-x86_64, r-release-linux-x86_64, r-release-macos-arm64, r-release-macos-x86_64, r-release-windows-x86_64