Last updated on 2024-05-21 02:01:58 CEST.
Flavor | Version | Tinstall | Tcheck | Ttotal | Status | Flags |
---|---|---|---|---|---|---|
r-devel-linux-x86_64-debian-clang | 0.1.0.9 | 66.68 | 34.38 | 101.06 | NOTE | |
r-devel-linux-x86_64-debian-gcc | 0.1.0.9 | 48.52 | 26.94 | 75.46 | NOTE | |
r-devel-linux-x86_64-fedora-clang | 0.1.0.9 | 144.33 | NOTE | |||
r-devel-linux-x86_64-fedora-gcc | 0.1.0.9 | 145.94 | NOTE | |||
r-devel-windows-x86_64 | 0.1.0.9 | 52.00 | 69.00 | 121.00 | NOTE | |
r-patched-linux-x86_64 | 0.1.0.9 | 66.25 | 33.30 | 99.55 | NOTE | |
r-release-linux-x86_64 | 0.1.0.9 | 68.44 | 34.09 | 102.53 | NOTE | |
r-release-macos-arm64 | 0.1.0.9 | 32.00 | NOTE | |||
r-release-windows-x86_64 | 0.1.0.9 | 52.00 | 68.00 | 120.00 | NOTE | |
r-oldrel-macos-arm64 | 0.1.0.9 | 37.00 | NOTE | |||
r-oldrel-macos-x86_64 | 0.1.0.9 | 59.00 | NOTE | |||
r-oldrel-windows-x86_64 | 0.1.0.9 | 62.00 | 76.00 | 138.00 | NOTE |
Version: 0.1.0.9
Check: C++ specification
Result: NOTE
Specified C++11: please drop specification unless essential
Flavors: r-devel-linux-x86_64-debian-clang, r-devel-linux-x86_64-debian-gcc, r-devel-linux-x86_64-fedora-clang, r-devel-linux-x86_64-fedora-gcc, r-devel-windows-x86_64, r-patched-linux-x86_64, r-release-linux-x86_64, r-release-macos-arm64, r-release-windows-x86_64, r-oldrel-macos-arm64, r-oldrel-macos-x86_64, r-oldrel-windows-x86_64