CRAN Package Check Results for Package cyclocomp

Last updated on 2025-04-30 01:50:16 CEST.

Flavor Version Tinstall Tcheck Ttotal Status Flags
r-devel-linux-x86_64-debian-clang 1.1.1 2.05 26.73 28.78 NOTE
r-devel-linux-x86_64-debian-gcc 1.1.1 1.72 21.11 22.83 NOTE
r-devel-linux-x86_64-fedora-clang 1.1.1 42.87 OK
r-devel-linux-x86_64-fedora-gcc 1.1.1 41.79 OK
r-devel-windows-x86_64 1.1.1 3.00 53.00 56.00 OK
r-patched-linux-x86_64 1.1.1 1.73 24.61 26.34 OK
r-release-linux-x86_64 1.1.1 2.21 24.39 26.60 OK
r-release-macos-arm64 1.1.1 20.00 OK
r-release-macos-x86_64 1.1.1 30.00 OK
r-release-windows-x86_64 1.1.1 3.00 52.00 55.00 OK
r-oldrel-macos-arm64 1.1.1 19.00 OK
r-oldrel-macos-x86_64 1.1.1 31.00 OK
r-oldrel-windows-x86_64 1.1.1 4.00 53.00 57.00 OK

Check Details

Version: 1.1.1
Check: CRAN incoming feasibility
Result: NOTE Maintainer: ‘Gabor Csardi <csardi.gabor@gmail.com>’ No Authors@R field in DESCRIPTION. Please add one, modifying Authors@R: person(given = "Gabor", family = "Csardi", role = c("aut", "cre"), email = "csardi.gabor@gmail.com") as necessary. Flavors: r-devel-linux-x86_64-debian-clang, r-devel-linux-x86_64-debian-gcc