Last updated on 2025-05-03 01:50:55 CEST.
Flavor | Version | Tinstall | Tcheck | Ttotal | Status | Flags |
---|---|---|---|---|---|---|
r-devel-linux-x86_64-debian-clang | 0.5.2.1 | 2.55 | 26.08 | 28.63 | NOTE | |
r-devel-linux-x86_64-debian-gcc | 0.5.2.1 | 1.75 | 20.78 | 22.53 | NOTE | |
r-devel-linux-x86_64-fedora-clang | 0.5.2.1 | 43.68 | OK | |||
r-devel-linux-x86_64-fedora-gcc | 0.5.2.1 | 42.42 | OK | |||
r-devel-windows-x86_64 | 0.5.2.1 | 4.00 | 55.00 | 59.00 | OK | |
r-patched-linux-x86_64 | 0.5.2.1 | 3.03 | 24.99 | 28.02 | OK | |
r-release-linux-x86_64 | OK | |||||
r-release-macos-arm64 | 0.5.2.1 | 17.00 | OK | |||
r-release-macos-x86_64 | 0.5.2.1 | 33.00 | OK | |||
r-release-windows-x86_64 | 0.5.2.1 | 3.00 | 49.00 | 52.00 | OK | |
r-oldrel-macos-arm64 | 0.5.2.1 | 18.00 | OK | |||
r-oldrel-macos-x86_64 | 0.5.2.1 | 27.00 | OK | |||
r-oldrel-windows-x86_64 | 0.5.2.1 | 5.00 | 49.00 | 54.00 | OK |
Version: 0.5.2.1
Check: CRAN incoming feasibility
Result: NOTE
Maintainer: ‘Christopher Gandrud <christopher.gandrud@gmail.com>’
No Authors@R field in DESCRIPTION.
Please add one, modifying
Authors@R: person(given = "Christopher",
family = "Gandrud",
role = c("aut", "cre"),
email = "christopher.gandrud@gmail.com")
as necessary.
Flavors: r-devel-linux-x86_64-debian-clang, r-devel-linux-x86_64-debian-gcc