Last updated on 2025-02-20 01:50:30 CET.
Flavor | Version | Tinstall | Tcheck | Ttotal | Status | Flags |
---|---|---|---|---|---|---|
r-devel-linux-x86_64-debian-clang | 0.1.0 | 2.42 | 22.43 | 24.85 | OK | |
r-devel-linux-x86_64-debian-gcc | 0.1.0 | 2.00 | 18.01 | 20.01 | OK | |
r-devel-linux-x86_64-fedora-clang | 0.1.0 | 39.83 | OK | |||
r-devel-linux-x86_64-fedora-gcc | 0.1.0 | 37.34 | OK | |||
r-devel-macos-arm64 | 0.1.0 | 17.00 | OK | |||
r-devel-macos-x86_64 | 0.1.0 | 29.00 | OK | |||
r-devel-windows-x86_64 | 0.1.0 | 5.00 | 50.00 | 55.00 | OK | |
r-patched-linux-x86_64 | 0.1.0 | 2.48 | 21.34 | 23.82 | NOTE | |
r-release-linux-x86_64 | 0.1.0 | 2.55 | 21.49 | 24.04 | NOTE | |
r-release-macos-arm64 | 0.1.0 | 18.00 | NOTE | |||
r-release-macos-x86_64 | 0.1.0 | 24.00 | NOTE | |||
r-release-windows-x86_64 | 0.1.0 | 5.00 | 3.00 | 8.00 | FAIL | |
r-oldrel-macos-arm64 | 0.1.0 | 18.00 | NOTE | |||
r-oldrel-macos-x86_64 | 0.1.0 | 23.00 | NOTE | |||
r-oldrel-windows-x86_64 | 0.1.0 | 6.00 | 70.00 | 76.00 | NOTE |
Version: 0.1.0
Check: LazyData
Result: NOTE
'LazyData' is specified without a 'data' directory
Flavors: r-patched-linux-x86_64, r-release-linux-x86_64, r-release-macos-arm64, r-release-macos-x86_64, r-oldrel-macos-arm64, r-oldrel-macos-x86_64, r-oldrel-windows-x86_64
Version: 0.1.0
Check: package dependencies
Result: FAIL
Flavor: r-release-windows-x86_64