Last updated on 2025-02-20 01:50:30 CET.
Flavor | Version | Tinstall | Tcheck | Ttotal | Status | Flags |
---|---|---|---|---|---|---|
r-devel-linux-x86_64-debian-clang | 1.1.727 | 17.32 | 146.38 | 163.70 | NOTE | |
r-devel-linux-x86_64-debian-gcc | 1.1.727 | 13.66 | 103.96 | 117.62 | NOTE | |
r-devel-linux-x86_64-fedora-clang | 1.1.727 | 284.76 | NOTE | |||
r-devel-linux-x86_64-fedora-gcc | 1.1.727 | 242.22 | NOTE | |||
r-devel-macos-arm64 | 1.1.727 | 71.00 | OK | |||
r-devel-macos-x86_64 | 1.1.727 | 143.00 | NOTE | |||
r-devel-windows-x86_64 | 1.1.727 | 19.00 | 181.00 | 200.00 | NOTE | |
r-patched-linux-x86_64 | 1.1.727 | 17.73 | 134.71 | 152.44 | OK | |
r-release-linux-x86_64 | 1.1.727 | 17.89 | 135.23 | 153.12 | OK | |
r-release-macos-arm64 | 1.1.727 | 71.00 | OK | |||
r-release-macos-x86_64 | 1.1.727 | 132.00 | OK | |||
r-release-windows-x86_64 | 1.1.727 | 21.00 | 3.00 | 24.00 | FAIL | |
r-oldrel-macos-arm64 | 1.1.727 | 67.00 | OK | |||
r-oldrel-macos-x86_64 | 1.1.727 | 122.00 | OK | |||
r-oldrel-windows-x86_64 | 1.1.727 | 26.00 | 222.00 | 248.00 | OK |
Version: 1.1.727
Check: DESCRIPTION meta-information
Result: NOTE
Missing dependency on R >= 4.1.0 because package code uses the pipe
|> or function shorthand \(...) syntax added in R 4.1.0.
File(s) using such syntax:
‘cla_tune.R’ ‘clu_clusterer.R’ ‘graphics.R’ ‘reg_tune.R’
‘trans_smoothing.R’ ‘ts_tune.R’
Flavors: r-devel-linux-x86_64-debian-clang, r-devel-linux-x86_64-debian-gcc, r-devel-linux-x86_64-fedora-clang, r-devel-linux-x86_64-fedora-gcc, r-devel-macos-x86_64, r-devel-windows-x86_64
Version: 1.1.727
Check: package dependencies
Result: FAIL
Flavor: r-release-windows-x86_64