Last updated on 2025-02-20 01:50:30 CET.
Flavor | Version | Tinstall | Tcheck | Ttotal | Status | Flags |
---|---|---|---|---|---|---|
r-devel-linux-x86_64-debian-clang | 1.0.1 | 2.82 | 32.28 | 35.10 | OK | |
r-devel-linux-x86_64-debian-gcc | 1.0.1 | 2.16 | 24.21 | 26.37 | OK | |
r-devel-linux-x86_64-fedora-clang | 1.0.1 | 62.58 | OK | |||
r-devel-linux-x86_64-fedora-gcc | 1.0.1 | 52.91 | OK | |||
r-devel-macos-arm64 | 1.0.1 | 23.00 | OK | |||
r-devel-macos-x86_64 | 1.0.1 | 38.00 | OK | |||
r-devel-windows-x86_64 | 1.0.1 | 6.00 | 55.00 | 61.00 | OK | |
r-patched-linux-x86_64 | 1.0.1 | 2.88 | 30.10 | 32.98 | OK | |
r-release-linux-x86_64 | 1.0.1 | 2.83 | 29.88 | 32.71 | OK | |
r-release-macos-arm64 | 1.0.1 | 23.00 | OK | |||
r-release-macos-x86_64 | 1.0.1 | 32.00 | OK | |||
r-release-windows-x86_64 | 1.0.1 | 4.00 | 3.00 | 7.00 | FAIL | |
r-oldrel-macos-arm64 | 1.0.1 | 28.00 | OK | |||
r-oldrel-macos-x86_64 | 1.0.1 | 38.00 | OK | |||
r-oldrel-windows-x86_64 | 1.0.1 | 6.00 | 80.00 | 86.00 | OK |
Version: 1.0.1
Check: package dependencies
Result: FAIL
Flavor: r-release-windows-x86_64