CRAN Package Check Results for Package dataReporter

Last updated on 2025-02-20 01:50:30 CET.

Flavor Version Tinstall Tcheck Ttotal Status Flags
r-devel-linux-x86_64-debian-clang 1.0.2 8.05 84.10 92.15 NOTE
r-devel-linux-x86_64-debian-gcc 1.0.2 4.93 59.50 64.43 NOTE
r-devel-linux-x86_64-fedora-clang 1.0.2 151.91 NOTE
r-devel-linux-x86_64-fedora-gcc 1.0.2 148.72 NOTE
r-devel-macos-arm64 1.0.2 55.00 NOTE
r-devel-macos-x86_64 1.0.2 95.00 NOTE
r-devel-windows-x86_64 1.0.2 10.00 123.00 133.00 NOTE
r-patched-linux-x86_64 1.0.2 16.57 77.40 93.97 NOTE
r-release-linux-x86_64 1.0.2 7.41 77.23 84.64 NOTE
r-release-macos-arm64 1.0.2 54.00 NOTE
r-release-macos-x86_64 1.0.2 74.00 NOTE
r-release-windows-x86_64 1.0.2 11.00 119.00 130.00 NOTE
r-oldrel-macos-arm64 1.0.2 54.00 OK
r-oldrel-macos-x86_64 1.0.2 83.00 OK
r-oldrel-windows-x86_64 1.0.2 14.00 126.00 140.00 OK

Check Details

Version: 1.0.2
Check: Rd files
Result: NOTE checkRd: (-1) defaultFactorSummaries.Rd:29: Lost braces 29 | code{\link{variableType}}, \code{\link{countMissing}}, \code{\link{uniqueValues}}, | ^ Flavors: r-devel-linux-x86_64-debian-clang, r-devel-linux-x86_64-debian-gcc, r-devel-linux-x86_64-fedora-clang, r-devel-linux-x86_64-fedora-gcc, r-devel-macos-arm64, r-devel-macos-x86_64, r-devel-windows-x86_64, r-patched-linux-x86_64, r-release-linux-x86_64, r-release-macos-arm64, r-release-macos-x86_64, r-release-windows-x86_64

Version: 1.0.2
Check: Rd cross-references
Result: NOTE Found the following Rd file(s) with Rd \link{} targets missing package anchors: identifyOutliers.Rd: mc Please provide package anchors for all Rd \link{} targets not in the package itself and the base packages. Flavors: r-devel-linux-x86_64-debian-clang, r-devel-linux-x86_64-debian-gcc, r-devel-windows-x86_64