Last updated on 2025-10-22 01:51:22 CEST.
Flavor | Version | Tinstall | Tcheck | Ttotal | Status | Flags |
---|---|---|---|---|---|---|
r-devel-linux-x86_64-debian-clang | 1.0.1 | 6.20 | 57.09 | 63.29 | NOTE | |
r-devel-linux-x86_64-debian-gcc | 1.0.1 | 4.26 | 40.97 | 45.23 | NOTE | |
r-devel-linux-x86_64-fedora-clang | 1.0.1 | 18.00 | 73.25 | 91.25 | OK | |
r-devel-linux-x86_64-fedora-gcc | 1.0.1 | 13.00 | 72.22 | 85.22 | OK | |
r-devel-windows-x86_64 | 1.0.1 | 8.00 | 63.00 | 71.00 | OK | |
r-patched-linux-x86_64 | 1.0.1 | 5.31 | 49.56 | 54.87 | OK | |
r-release-linux-x86_64 | 1.0.1 | 6.15 | 50.36 | 56.51 | OK | |
r-release-macos-arm64 | 1.0.1 | 4.00 | 30.00 | 34.00 | OK | |
r-release-macos-x86_64 | 1.0.1 | 5.00 | 39.00 | 44.00 | OK | |
r-release-windows-x86_64 | 1.0.1 | 8.00 | 67.00 | 75.00 | OK | |
r-oldrel-macos-arm64 | 1.0.1 | 3.00 | 27.00 | 30.00 | OK | |
r-oldrel-macos-x86_64 | 1.0.1 | 5.00 | 42.00 | 47.00 | OK | |
r-oldrel-windows-x86_64 | 1.0.1 | 10.00 | 79.00 | 89.00 | OK |
Version: 1.0.1
Check: HTML version of manual
Result: NOTE
Found the following HTML validation problems:
mode_stat.html:50:1 (mode_stat.Rd:12): Warning: missing </ul> before </div>
Flavors: r-devel-linux-x86_64-debian-clang, r-devel-linux-x86_64-debian-gcc