Last updated on 2025-02-20 01:50:30 CET.
Flavor | Version | Tinstall | Tcheck | Ttotal | Status | Flags |
---|---|---|---|---|---|---|
r-devel-linux-x86_64-debian-clang | 0.5.1 | 5.26 | 75.83 | 81.09 | OK | |
r-devel-linux-x86_64-debian-gcc | 0.5.1 | 3.67 | 54.37 | 58.04 | OK | |
r-devel-linux-x86_64-fedora-clang | 0.5.1 | 126.13 | OK | |||
r-devel-linux-x86_64-fedora-gcc | 0.5.1 | 118.57 | OK | |||
r-devel-macos-arm64 | 0.5.1 | 41.00 | OK | |||
r-devel-macos-x86_64 | 0.5.1 | 77.00 | OK | |||
r-devel-windows-x86_64 | 0.5.1 | 8.00 | 96.00 | 104.00 | OK | |
r-patched-linux-x86_64 | 0.5.1 | 6.13 | 70.82 | 76.95 | OK | |
r-release-linux-x86_64 | 0.5.1 | 5.16 | 70.52 | 75.68 | OK | |
r-release-macos-arm64 | 0.5.1 | 42.00 | OK | |||
r-release-macos-x86_64 | 0.5.1 | 63.00 | OK | |||
r-release-windows-x86_64 | 0.5.1 | 7.00 | 3.00 | 10.00 | FAIL | |
r-oldrel-macos-arm64 | 0.5.1 | 47.00 | OK | |||
r-oldrel-macos-x86_64 | 0.5.1 | 107.00 | OK | |||
r-oldrel-windows-x86_64 | 0.5.1 | 10.00 | 123.00 | 133.00 | OK |
Version: 0.5.1
Check: package dependencies
Result: FAIL
Flavor: r-release-windows-x86_64