Last updated on 2025-05-01 01:49:28 CEST.
Flavor | Version | Tinstall | Tcheck | Ttotal | Status | Flags |
---|---|---|---|---|---|---|
r-devel-linux-x86_64-debian-clang | 1.0.3 | 4.60 | 101.45 | 106.05 | NOTE | |
r-devel-linux-x86_64-debian-gcc | 1.0.3 | 2.79 | 70.26 | 73.05 | OK | |
r-devel-linux-x86_64-fedora-clang | 1.0.3 | 174.35 | OK | |||
r-devel-linux-x86_64-fedora-gcc | 1.0.3 | 184.67 | OK | |||
r-devel-windows-x86_64 | 1.0.3 | 6.00 | 109.00 | 115.00 | OK | |
r-patched-linux-x86_64 | 1.0.3 | 4.54 | 95.74 | 100.28 | OK | |
r-release-linux-x86_64 | 1.0.3 | 4.68 | 97.48 | 102.16 | OK | |
r-release-macos-arm64 | 1.0.3 | 50.00 | OK | |||
r-release-macos-x86_64 | 1.0.3 | 104.00 | OK | |||
r-release-windows-x86_64 | 1.0.3 | 6.00 | 106.00 | 112.00 | OK | |
r-oldrel-macos-arm64 | 1.0.3 | 62.00 | OK | |||
r-oldrel-macos-x86_64 | 1.0.3 | 117.00 | OK | |||
r-oldrel-windows-x86_64 | 1.0.3 | 8.00 | 138.00 | 146.00 | OK |
Version: 1.0.3
Check: examples
Result: NOTE
Examples with CPU (user + system) or elapsed time > 5s
user system elapsed
merge 5.885 0.134 10.505
as.data.frame 2.023 0.118 5.029
Flavor: r-devel-linux-x86_64-debian-clang
Version: 1.0.3
Check: examples
Result: NA
user system elapsed
merge 4.004 0.148 5.528
OK
Flavor: r-devel-linux-x86_64-debian-gcc