Last updated on 2025-10-24 01:50:23 CEST.
| Flavor | Version | Tinstall | Tcheck | Ttotal | Status | Flags |
|---|---|---|---|---|---|---|
| r-devel-linux-x86_64-debian-clang | 1.0.2 | 8.31 | 187.08 | 195.39 | NOTE | |
| r-devel-linux-x86_64-debian-gcc | 1.0.2 | 7.66 | 132.93 | 140.59 | OK | |
| r-devel-linux-x86_64-fedora-clang | 1.0.2 | 68.00 | 238.24 | 306.24 | OK | |
| r-devel-linux-x86_64-fedora-gcc | 1.0.2 | 24.00 | 298.91 | 322.91 | OK | |
| r-devel-windows-x86_64 | 1.0.2 | 15.00 | 169.00 | 184.00 | OK | |
| r-patched-linux-x86_64 | 1.0.2 | 8.26 | 177.27 | 185.53 | OK | |
| r-release-linux-x86_64 | 1.0.2 | 8.69 | 177.62 | 186.31 | OK | |
| r-release-macos-arm64 | 1.0.2 | 7.00 | 91.00 | 98.00 | OK | |
| r-release-macos-x86_64 | 1.0.2 | 18.00 | 179.00 | 197.00 | OK | |
| r-release-windows-x86_64 | 1.0.2 | 15.00 | 185.00 | 200.00 | OK | |
| r-oldrel-macos-arm64 | 1.0.2 | 7.00 | 91.00 | 98.00 | OK | |
| r-oldrel-macos-x86_64 | 1.0.2 | 16.00 | 191.00 | 207.00 | OK | |
| r-oldrel-windows-x86_64 | 1.0.2 | 20.00 | 241.00 | 261.00 | OK |
Version: 1.0.2
Check: HTML version of manual
Result: NOTE
Found the following HTML validation problems:
calculate_dci_dia_thresh.html:93:1 (calculate_dci_dia_thresh.Rd:43): Warning: missing </ul> before </div>
Flavor: r-devel-linux-x86_64-debian-clang