CRAN Package Check Results for Package decido

Last updated on 2025-05-08 01:51:00 CEST.

Flavor Version Tinstall Tcheck Ttotal Status Flags
r-devel-linux-x86_64-debian-clang 0.3.0 11.11 30.15 41.26 NOTE
r-devel-linux-x86_64-debian-gcc 0.3.0 7.76 24.27 32.03 NOTE
r-devel-linux-x86_64-fedora-clang 0.3.0 68.55 NOTE
r-devel-linux-x86_64-fedora-gcc 0.3.0 86.93 NOTE
r-devel-windows-x86_64 0.3.0 14.00 75.00 89.00 NOTE
r-patched-linux-x86_64 0.3.0 10.73 28.12 38.85 NOTE
r-release-linux-x86_64 0.3.0 10.70 27.72 38.42 NOTE
r-release-macos-arm64 0.3.0 30.00 NOTE
r-release-macos-x86_64 0.3.0 56.00 NOTE
r-release-windows-x86_64 0.3.0 14.00 71.00 85.00 NOTE
r-oldrel-macos-arm64 0.3.0 29.00 NOTE
r-oldrel-macos-x86_64 0.3.0 46.00 NOTE
r-oldrel-windows-x86_64 0.3.0 16.00 83.00 99.00 NOTE

Check Details

Version: 0.3.0
Check: C++ specification
Result: NOTE Specified C++11: please drop specification unless essential Flavors: r-devel-linux-x86_64-debian-clang, r-devel-linux-x86_64-debian-gcc, r-devel-linux-x86_64-fedora-clang, r-devel-linux-x86_64-fedora-gcc, r-devel-windows-x86_64, r-patched-linux-x86_64, r-release-linux-x86_64, r-release-macos-arm64, r-release-macos-x86_64, r-release-windows-x86_64, r-oldrel-macos-arm64, r-oldrel-macos-x86_64, r-oldrel-windows-x86_64

Version: 0.3.0
Check: LazyData
Result: NOTE 'LazyData' is specified without a 'data' directory Flavors: r-oldrel-macos-arm64, r-oldrel-macos-x86_64, r-oldrel-windows-x86_64