Last updated on 2025-10-26 01:49:47 CEST.
| Flavor | Version | Tinstall | Tcheck | Ttotal | Status | Flags |
|---|---|---|---|---|---|---|
| r-devel-linux-x86_64-debian-clang | 1.1.2 | 2.67 | 29.24 | 31.91 | OK | |
| r-devel-linux-x86_64-debian-gcc | 1.1.2 | 2.02 | 23.43 | 25.45 | OK | |
| r-devel-linux-x86_64-fedora-clang | 1.1.2 | 47.72 | OK | |||
| r-devel-linux-x86_64-fedora-gcc | 1.1.2 | 43.22 | OK | |||
| r-devel-windows-x86_64 | 1.1.2 | 4.00 | 45.00 | 49.00 | OK | |
| r-patched-linux-x86_64 | 1.1.2 | 2.66 | 26.14 | 28.80 | OK | |
| r-release-linux-x86_64 | 1.1.2 | 2.55 | 26.39 | 28.94 | OK | |
| r-release-macos-arm64 | 1.1.2 | 1.00 | 16.00 | 17.00 | OK | |
| r-release-macos-x86_64 | 1.1.2 | 2.00 | 26.00 | 28.00 | OK | |
| r-release-windows-x86_64 | 1.1.2 | 5.00 | 47.00 | 52.00 | OK | |
| r-oldrel-macos-arm64 | 1.1.2 | 1.00 | 18.00 | 19.00 | NOTE | |
| r-oldrel-macos-x86_64 | 1.1.2 | 2.00 | 25.00 | 27.00 | NOTE | |
| r-oldrel-windows-x86_64 | 1.1.2 | 5.00 | 55.00 | 60.00 | NOTE |
Version: 1.1.2
Check: LazyData
Result: NOTE
'LazyData' is specified without a 'data' directory
Flavors: r-oldrel-macos-arm64, r-oldrel-macos-x86_64, r-oldrel-windows-x86_64