Last updated on 2024-05-21 02:01:59 CEST.
Flavor | Version | Tinstall | Tcheck | Ttotal | Status | Flags |
---|---|---|---|---|---|---|
r-devel-linux-x86_64-debian-clang | 0.3.0 | 3.53 | 417.24 | 420.77 | NOTE | |
r-devel-linux-x86_64-debian-gcc | 0.3.0 | 2.85 | 296.87 | 299.72 | NOTE | |
r-devel-linux-x86_64-fedora-clang | 0.3.0 | 499.33 | NOTE | |||
r-devel-linux-x86_64-fedora-gcc | 0.3.0 | 487.36 | NOTE | |||
r-devel-windows-x86_64 | 0.3.0 | 5.00 | 327.00 | 332.00 | NOTE | |
r-patched-linux-x86_64 | 0.3.0 | 3.44 | 392.64 | 396.08 | NOTE | |
r-release-linux-x86_64 | 0.3.0 | 3.59 | 403.05 | 406.64 | NOTE | |
r-release-macos-arm64 | 0.3.0 | 118.00 | NOTE | |||
r-release-windows-x86_64 | 0.3.0 | 4.00 | 328.00 | 332.00 | NOTE | |
r-oldrel-macos-arm64 | 0.3.0 | 128.00 | NOTE | |||
r-oldrel-macos-x86_64 | 0.3.0 | 235.00 | NOTE | |||
r-oldrel-windows-x86_64 | 0.3.0 | 5.00 | 374.00 | 379.00 | NOTE |
Version: 0.3.0
Check: package subdirectories
Result: NOTE
Problems with news in ‘NEWS.md’:
No news entries found.
Flavors: r-devel-linux-x86_64-debian-clang, r-devel-linux-x86_64-debian-gcc, r-devel-linux-x86_64-fedora-clang, r-devel-linux-x86_64-fedora-gcc, r-devel-windows-x86_64, r-patched-linux-x86_64, r-release-linux-x86_64, r-release-macos-arm64, r-release-windows-x86_64, r-oldrel-macos-arm64, r-oldrel-macos-x86_64, r-oldrel-windows-x86_64