Last updated on 2025-05-09 01:50:02 CEST.
Flavor | Version | Tinstall | Tcheck | Ttotal | Status | Flags |
---|---|---|---|---|---|---|
r-devel-linux-x86_64-debian-clang | 0.2.5 | 3.86 | 60.29 | 64.15 | NOTE | |
r-devel-linux-x86_64-debian-gcc | 0.2.5 | 2.96 | 44.80 | 47.76 | NOTE | |
r-devel-linux-x86_64-fedora-clang | 0.2.5 | 108.22 | NOTE | |||
r-devel-linux-x86_64-fedora-gcc | 0.2.5 | 114.87 | NOTE | |||
r-devel-windows-x86_64 | 0.2.5 | 5.00 | 130.00 | 135.00 | NOTE | |
r-patched-linux-x86_64 | 0.2.5 | 4.68 | 57.91 | 62.59 | NOTE | |
r-release-linux-x86_64 | 0.2.5 | 3.68 | 57.61 | 61.29 | NOTE | |
r-release-macos-arm64 | 0.2.5 | 39.00 | NOTE | |||
r-release-macos-x86_64 | 0.2.5 | 70.00 | NOTE | |||
r-release-windows-x86_64 | 0.2.5 | 6.00 | 132.00 | 138.00 | NOTE | |
r-oldrel-macos-arm64 | 0.2.5 | 37.00 | NOTE | |||
r-oldrel-macos-x86_64 | 0.2.5 | 57.00 | NOTE | |||
r-oldrel-windows-x86_64 | 0.2.5 | 8.00 | 126.00 | 134.00 | NOTE |
Version: 0.2.5
Check: Rd files
Result: NOTE
checkRd: (-1) barriers.Rd:127: Escaped LaTeX specials: \$
Flavors: r-devel-linux-x86_64-debian-clang, r-devel-linux-x86_64-debian-gcc, r-devel-linux-x86_64-fedora-clang, r-devel-linux-x86_64-fedora-gcc, r-devel-windows-x86_64, r-patched-linux-x86_64, r-release-linux-x86_64, r-release-macos-arm64, r-release-macos-x86_64, r-release-windows-x86_64, r-oldrel-macos-arm64, r-oldrel-macos-x86_64, r-oldrel-windows-x86_64