CRAN Package Check Results for Package describer

Last updated on 2025-02-19 01:50:46 CET.

Flavor Version Tinstall Tcheck Ttotal Status Flags
r-devel-linux-x86_64-debian-clang 0.2.0 1.63 17.51 19.14 OK
r-devel-linux-x86_64-debian-gcc 0.2.0 1.31 14.68 15.99 OK
r-devel-linux-x86_64-fedora-clang 0.2.0 30.15 OK
r-devel-linux-x86_64-fedora-gcc 0.2.0 28.89 OK
r-devel-macos-arm64 0.2.0 16.00 OK
r-devel-macos-x86_64 0.2.0 23.00 OK
r-devel-windows-x86_64 0.2.0 2.00 40.00 42.00 OK
r-patched-linux-x86_64 0.2.0 1.65 16.65 18.30 NOTE
r-release-linux-x86_64 0.2.0 1.56 16.64 18.20 NOTE
r-release-macos-arm64 0.2.0 15.00 NOTE
r-release-macos-x86_64 0.2.0 22.00 NOTE
r-release-windows-x86_64 0.2.0 2.00 3.00 5.00 FAIL
r-oldrel-macos-arm64 0.2.0 16.00 NOTE
r-oldrel-macos-x86_64 0.2.0 19.00 NOTE
r-oldrel-windows-x86_64 0.2.0 3.00 44.00 47.00 NOTE

Check Details

Version: 0.2.0
Check: LazyData
Result: NOTE 'LazyData' is specified without a 'data' directory Flavors: r-patched-linux-x86_64, r-release-linux-x86_64, r-release-macos-arm64, r-release-macos-x86_64, r-oldrel-macos-arm64, r-oldrel-macos-x86_64, r-oldrel-windows-x86_64

Version: 0.2.0
Check: package dependencies
Result: FAIL
Flavor: r-release-windows-x86_64