Last updated on 2025-02-20 01:50:30 CET.
Flavor | Version | Tinstall | Tcheck | Ttotal | Status | Flags |
---|---|---|---|---|---|---|
r-devel-linux-x86_64-debian-clang | 0.3.0 | 4.66 | 40.60 | 45.26 | NOTE | |
r-devel-linux-x86_64-debian-gcc | 0.3.0 | 3.06 | 31.08 | 34.14 | NOTE | |
r-devel-linux-x86_64-fedora-clang | 0.3.0 | 73.70 | NOTE | |||
r-devel-linux-x86_64-fedora-gcc | 0.3.0 | 83.36 | NOTE | |||
r-devel-macos-arm64 | 0.3.0 | 33.00 | OK | |||
r-devel-macos-x86_64 | 0.3.0 | 59.00 | NOTE | |||
r-devel-windows-x86_64 | 0.3.0 | 7.00 | 61.00 | 68.00 | NOTE | |
r-patched-linux-x86_64 | 0.3.0 | 4.56 | 38.55 | 43.11 | OK | |
r-release-linux-x86_64 | 0.3.0 | 4.60 | 38.25 | 42.85 | OK | |
r-release-macos-arm64 | 0.3.0 | 35.00 | OK | |||
r-release-macos-x86_64 | 0.3.0 | 54.00 | OK | |||
r-release-windows-x86_64 | 0.3.0 | 7.00 | 60.00 | 67.00 | OK | |
r-oldrel-macos-arm64 | 0.3.0 | 34.00 | OK | |||
r-oldrel-macos-x86_64 | 0.3.0 | 64.00 | OK | |||
r-oldrel-windows-x86_64 | 0.3.0 | 9.00 | 63.00 | 72.00 | OK |
Version: 0.3.0
Check: DESCRIPTION meta-information
Result: NOTE
Missing dependency on R >= 4.1.0 because package code uses the pipe
|> or function shorthand \(...) syntax added in R 4.1.0.
File(s) using such syntax:
‘mod_template_srv.R’
Flavors: r-devel-linux-x86_64-debian-clang, r-devel-linux-x86_64-debian-gcc, r-devel-linux-x86_64-fedora-clang, r-devel-linux-x86_64-fedora-gcc, r-devel-macos-x86_64, r-devel-windows-x86_64