Last updated on 2024-05-21 02:01:59 CEST.
Flavor | Version | Tinstall | Tcheck | Ttotal | Status | Flags |
---|---|---|---|---|---|---|
r-devel-linux-x86_64-debian-clang | 2.1.7 | 37.77 | 102.86 | 140.63 | NOTE | |
r-devel-linux-x86_64-debian-gcc | 2.1.7 | 25.28 | 72.56 | 97.84 | NOTE | |
r-devel-linux-x86_64-fedora-clang | 2.1.7 | 173.57 | NOTE | |||
r-devel-linux-x86_64-fedora-gcc | 2.1.7 | 161.31 | NOTE | |||
r-devel-windows-x86_64 | 2.1.7 | 31.00 | 104.00 | 135.00 | NOTE | |
r-patched-linux-x86_64 | 2.1.7 | 33.58 | 92.82 | 126.40 | NOTE | |
r-release-linux-x86_64 | 2.1.7 | 28.18 | 94.20 | 122.38 | NOTE | |
r-release-macos-arm64 | 2.1.7 | 55.00 | NOTE | |||
r-release-windows-x86_64 | 2.1.7 | 31.00 | 104.00 | 135.00 | NOTE | |
r-oldrel-macos-arm64 | 2.1.7 | 58.00 | OK | |||
r-oldrel-macos-x86_64 | 2.1.7 | 125.00 | OK | |||
r-oldrel-windows-x86_64 | 2.1.7 | 28.00 | 120.00 | 148.00 | OK |
Version: 2.1.7
Check: Rd files
Result: NOTE
checkRd: (-1) AIC.dglars.Rd:47: Lost braces
47 | \item{comp}{the measures of model complexity used to compute the measure of goodness-of-fit. It is equal to \code{npar} when code{complexity = "df"};}
| ^
checkRd: (-1) dglars.Rd:258: Lost braces
258 | \item{\code{7}}{maximum number of solution points ('code{np}') reached.}
| ^
Flavors: r-devel-linux-x86_64-debian-clang, r-devel-linux-x86_64-debian-gcc, r-devel-linux-x86_64-fedora-clang, r-devel-linux-x86_64-fedora-gcc, r-devel-windows-x86_64, r-patched-linux-x86_64, r-release-linux-x86_64, r-release-macos-arm64, r-release-windows-x86_64