Last updated on 2025-10-31 01:48:55 CET.
| Flavor | Version | Tinstall | Tcheck | Ttotal | Status | Flags | 
|---|---|---|---|---|---|---|
| r-devel-linux-x86_64-debian-clang | 1.2 | 1.70 | 22.57 | 24.27 | NOTE | |
| r-devel-linux-x86_64-debian-gcc | 1.2 | 1.55 | 18.12 | 19.67 | NOTE | |
| r-devel-linux-x86_64-fedora-clang | 1.2 | 35.07 | OK | |||
| r-devel-linux-x86_64-fedora-gcc | 1.2 | 33.84 | OK | |||
| r-devel-windows-x86_64 | 1.2 | 2.00 | 45.00 | 47.00 | OK | |
| r-patched-linux-x86_64 | 1.2 | 1.87 | 21.28 | 23.15 | OK | |
| r-release-linux-x86_64 | 1.2 | 1.70 | 21.20 | 22.90 | OK | |
| r-release-macos-arm64 | 1.2 | 1.00 | 16.00 | 17.00 | OK | |
| r-release-macos-x86_64 | 1.2 | 2.00 | 22.00 | 24.00 | OK | |
| r-release-windows-x86_64 | 1.2 | 3.00 | 48.00 | 51.00 | OK | |
| r-oldrel-macos-arm64 | 1.2 | 1.00 | 15.00 | 16.00 | OK | |
| r-oldrel-macos-x86_64 | 1.2 | 1.00 | 23.00 | 24.00 | OK | |
| r-oldrel-windows-x86_64 | 1.2 | 3.00 | 49.00 | 52.00 | OK | 
Version: 1.2
Check: CRAN incoming feasibility
Result: NOTE
  Maintainer: ‘Dylan Arena <dylanarena1@gmail.com>’
  
  No Authors@R field in DESCRIPTION.
  Please add one, modifying
    Authors@R: person(given = "Dylan",
                      family = "Arena",
                      role = c("aut", "cre"),
                      email = "dylanarena1@gmail.com")
  as necessary.
Flavors: r-devel-linux-x86_64-debian-clang, r-devel-linux-x86_64-debian-gcc