Last updated on 2025-02-20 01:50:31 CET.
Flavor | Version | Tinstall | Tcheck | Ttotal | Status | Flags |
---|---|---|---|---|---|---|
r-devel-linux-x86_64-debian-clang | 0.3.0 | 24.30 | 71.41 | 95.71 | NOTE | |
r-devel-linux-x86_64-debian-gcc | 0.3.0 | 18.01 | 52.07 | 70.08 | NOTE | |
r-devel-linux-x86_64-fedora-clang | 0.3.0 | 161.65 | NOTE | |||
r-devel-linux-x86_64-fedora-gcc | 0.3.0 | 158.22 | NOTE | |||
r-devel-macos-arm64 | 0.3.0 | 50.00 | NOTE | |||
r-devel-macos-x86_64 | 0.3.0 | 104.00 | NOTE | |||
r-devel-windows-x86_64 | 0.3.0 | 32.00 | 105.00 | 137.00 | NOTE | |
r-patched-linux-x86_64 | 0.3.0 | 28.12 | 68.22 | 96.34 | NOTE | |
r-release-linux-x86_64 | 0.3.0 | 26.02 | 67.52 | 93.54 | NOTE | |
r-release-macos-arm64 | 0.3.0 | 40.00 | NOTE | |||
r-release-macos-x86_64 | 0.3.0 | 80.00 | NOTE | |||
r-release-windows-x86_64 | 0.3.0 | 31.00 | 4.00 | 35.00 | FAIL | |
r-oldrel-macos-arm64 | 0.3.0 | 45.00 | NOTE | |||
r-oldrel-macos-x86_64 | 0.3.0 | 64.00 | NOTE | |||
r-oldrel-windows-x86_64 | 0.3.0 | 41.00 | 114.00 | 155.00 | NOTE |
Version: 0.3.0
Check: C++ specification
Result: NOTE
Specified C++11: please drop specification unless essential
Flavors: r-devel-linux-x86_64-debian-clang, r-devel-linux-x86_64-debian-gcc, r-devel-linux-x86_64-fedora-clang, r-devel-linux-x86_64-fedora-gcc, r-devel-macos-arm64, r-devel-macos-x86_64, r-devel-windows-x86_64, r-patched-linux-x86_64, r-release-linux-x86_64, r-release-macos-arm64, r-release-macos-x86_64, r-oldrel-macos-arm64, r-oldrel-macos-x86_64, r-oldrel-windows-x86_64
Version: 0.3.0
Check: Rd files
Result: NOTE
checkRd: (-1) did_imputation.Rd:74: Lost braces; missing escapes or markup?
74 | form average treatment effects for groups of {it}.
| ^
Flavors: r-devel-linux-x86_64-debian-clang, r-devel-linux-x86_64-debian-gcc, r-devel-linux-x86_64-fedora-clang, r-devel-linux-x86_64-fedora-gcc, r-devel-macos-arm64, r-devel-macos-x86_64, r-devel-windows-x86_64, r-patched-linux-x86_64, r-release-linux-x86_64, r-release-macos-arm64, r-release-macos-x86_64
Version: 0.3.0
Check: package dependencies
Result: FAIL
Flavor: r-release-windows-x86_64