CRAN Package Check Results for Package didrooRFM

Last updated on 2025-02-20 01:50:31 CET.

Flavor Version Tinstall Tcheck Ttotal Status Flags
r-devel-linux-x86_64-debian-clang 1.0.0 3.90 30.01 33.91 OK
r-devel-linux-x86_64-debian-gcc 1.0.0 2.22 21.88 24.10 OK
r-devel-linux-x86_64-fedora-clang 1.0.0 51.58 OK
r-devel-linux-x86_64-fedora-gcc 1.0.0 49.04 OK
r-devel-macos-arm64 1.0.0 21.00 OK
r-devel-macos-x86_64 1.0.0 42.00 OK
r-devel-windows-x86_64 1.0.0 5.00 48.00 53.00 OK
r-patched-linux-x86_64 1.0.0 3.45 27.50 30.95 NOTE
r-release-linux-x86_64 1.0.0 2.60 27.31 29.91 NOTE
r-release-macos-arm64 1.0.0 19.00 NOTE
r-release-macos-x86_64 1.0.0 34.00 NOTE
r-release-windows-x86_64 1.0.0 5.00 3.00 8.00 FAIL
r-oldrel-macos-arm64 1.0.0 19.00 NOTE
r-oldrel-macos-x86_64 1.0.0 30.00 NOTE
r-oldrel-windows-x86_64 1.0.0 6.00 52.00 58.00 NOTE

Check Details

Version: 1.0.0
Check: LazyData
Result: NOTE 'LazyData' is specified without a 'data' directory Flavors: r-patched-linux-x86_64, r-release-linux-x86_64, r-release-macos-arm64, r-release-macos-x86_64, r-oldrel-macos-arm64, r-oldrel-macos-x86_64, r-oldrel-windows-x86_64

Version: 1.0.0
Check: package dependencies
Result: FAIL
Flavor: r-release-windows-x86_64