Last updated on 2025-02-17 01:50:22 CET.
Flavor | Version | Tinstall | Tcheck | Ttotal | Status | Flags |
---|---|---|---|---|---|---|
r-devel-linux-x86_64-debian-clang | 0.77-1 | 2.27 | 34.81 | 37.08 | OK | |
r-devel-linux-x86_64-debian-gcc | 0.77-1 | 2.06 | 26.54 | 28.60 | OK | |
r-devel-linux-x86_64-fedora-clang | 0.77-1 | 64.85 | OK | |||
r-devel-linux-x86_64-fedora-gcc | 0.77-1 | 70.25 | OK | |||
r-devel-macos-arm64 | 0.77-1 | 31.00 | NOTE | |||
r-devel-macos-x86_64 | 0.77-1 | 56.00 | OK | |||
r-devel-windows-x86_64 | 0.77-1 | 5.00 | 76.00 | 81.00 | OK | |
r-patched-linux-x86_64 | 0.77-1 | 2.28 | 33.10 | 35.38 | OK | |
r-release-linux-x86_64 | 0.77-1 | 2.06 | 33.20 | 35.26 | OK | |
r-release-macos-arm64 | 0.77-1 | 39.00 | OK | |||
r-release-macos-x86_64 | 0.77-1 | 46.00 | OK | |||
r-release-windows-x86_64 | 0.77-1 | 5.00 | 76.00 | 81.00 | OK | |
r-oldrel-macos-arm64 | 0.77-1 | 50.00 | OK | |||
r-oldrel-macos-x86_64 | 0.77-1 | 135.00 | OK | |||
r-oldrel-windows-x86_64 | 0.77-1 | 7.00 | 74.00 | 81.00 | OK |
Version: 0.77-1
Check: tests
Result: NOTE
Running ‘ex1.R’ [0s/0s]
Comparing ‘ex1.Rout’ to ‘ex1.Rout.save’ ...53c53
< $ lo.hi : int [1:2] 1 2
---
> $ lo.hi : int [1:2] 3 4
55,56c55,56
< $ gcm : int [1:2] 2 1
< $ lcm : int [1:2] 1 2
---
> $ gcm : int [1:2] 4 3
> $ lcm : int [1:2] 3 4
61,62c61,62
< $ xl : num 0
< $ xu : num 1
---
> $ xl : num 3
> $ xu : num 4
Running ‘mechler-ex.R’ [0s/0s]
Comparing ‘mechler-ex.Rout’ to ‘mechler-ex.Rout.save’ ... OK
Running ‘sim1.R’ [1s/1s]
Comparing ‘sim1.Rout’ to ‘sim1.Rout.save’ ... OK
Flavor: r-devel-macos-arm64