CRAN Package Check Results for Package distcrete

Last updated on 2025-05-10 02:49:41 CEST.

Flavor Version Tinstall Tcheck Ttotal Status Flags
r-devel-linux-x86_64-debian-clang 1.0.3 1.51 25.25 26.76 OK
r-devel-linux-x86_64-debian-gcc 1.0.3 1.39 20.50 21.89 OK
r-devel-linux-x86_64-fedora-clang 1.0.3 41.89 OK
r-devel-linux-x86_64-fedora-gcc 1.0.3 56.37 OK
r-devel-windows-x86_64 1.0.3 2.00 44.00 46.00 OK
r-patched-linux-x86_64 1.0.3 1.66 23.55 25.21 OK
r-release-linux-x86_64 1.0.3 1.65 23.40 25.05 OK
r-release-macos-arm64 1.0.3 23.00 OK
r-release-macos-x86_64 1.0.3 38.00 OK
r-release-windows-x86_64 1.0.3 3.00 43.00 46.00 OK
r-oldrel-macos-arm64 1.0.3 21.00 NOTE
r-oldrel-macos-x86_64 1.0.3 33.00 NOTE
r-oldrel-windows-x86_64 1.0.3 4.00 48.00 52.00 NOTE

Check Details

Version: 1.0.3
Check: LazyData
Result: NOTE 'LazyData' is specified without a 'data' directory Flavors: r-oldrel-macos-arm64, r-oldrel-macos-x86_64, r-oldrel-windows-x86_64