CRAN Package Check Results for Package distillery

Last updated on 2025-05-02 01:51:54 CEST.

Flavor Version Tinstall Tcheck Ttotal Status Flags
r-devel-linux-x86_64-debian-clang 1.2-2 3.05 29.39 32.44 NOTE
r-devel-linux-x86_64-debian-gcc 1.2-2 2.00 21.23 23.23 OK
r-devel-linux-x86_64-fedora-clang 1.2-2 49.57 OK
r-devel-linux-x86_64-fedora-gcc 1.2-2 47.43 OK
r-devel-windows-x86_64 1.2-2 5.00 46.00 51.00 OK
r-patched-linux-x86_64 1.2-2 3.33 28.05 31.38 OK
r-release-linux-x86_64 OK
r-release-macos-arm64 1.2-2 22.00 OK
r-release-macos-x86_64 1.2-2 30.00 OK
r-release-windows-x86_64 1.2-2 4.00 49.00 53.00 OK
r-oldrel-macos-arm64 1.2-2 23.00 OK
r-oldrel-macos-x86_64 1.2-2 33.00 OK
r-oldrel-windows-x86_64 1.2-2 5.00 46.00 51.00 OK

Check Details

Version: 1.2-2
Check: examples
Result: NOTE Examples with CPU (user + system) or elapsed time > 5s user system elapsed tibber 5.602 0 7.889 Flavor: r-devel-linux-x86_64-debian-clang