Last updated on 2025-05-01 01:49:29 CEST.
Flavor | Version | Tinstall | Tcheck | Ttotal | Status | Flags |
---|---|---|---|---|---|---|
r-devel-linux-x86_64-debian-clang | 1.0.3 | 6.26 | 183.58 | 189.84 | NOTE | |
r-devel-linux-x86_64-debian-gcc | 1.0.3 | 3.94 | 120.62 | 124.56 | OK | |
r-devel-linux-x86_64-fedora-clang | 1.0.3 | 287.27 | OK | |||
r-devel-linux-x86_64-fedora-gcc | 1.0.3 | 271.24 | OK | |||
r-devel-windows-x86_64 | 1.0.3 | 8.00 | 172.00 | 180.00 | OK | |
r-patched-linux-x86_64 | 1.0.3 | 6.57 | 175.34 | 181.91 | OK | |
r-release-linux-x86_64 | 1.0.3 | 4.90 | 176.94 | 181.84 | OK | |
r-release-macos-arm64 | 1.0.3 | 87.00 | OK | |||
r-release-macos-x86_64 | 1.0.3 | 142.00 | OK | |||
r-release-windows-x86_64 | 1.0.3 | 9.00 | 177.00 | 186.00 | OK | |
r-oldrel-macos-arm64 | 1.0.3 | 73.00 | OK | |||
r-oldrel-macos-x86_64 | 1.0.3 | 147.00 | OK | |||
r-oldrel-windows-x86_64 | 1.0.3 | 10.00 | 231.00 | 241.00 | OK |
Version: 1.0.3
Check: examples
Result: NOTE
Examples with CPU (user + system) or elapsed time > 5s
user system elapsed
scatterHex 12.383 0.047 15.959
freqPlot 9.382 0.126 10.837
scatterPlot 7.841 0.051 9.162
yPlot 6.655 0.012 7.470
Flavor: r-devel-linux-x86_64-debian-clang
Version: 1.0.3
Check: examples
Result: NA
user system elapsed
scatterHex 7.557 0.137 9.184
freqPlot 5.723 0.095 6.404
scatterPlot 5.040 0.007 5.891
OK
Flavor: r-devel-linux-x86_64-debian-gcc