Last updated on 2024-05-21 02:02:00 CEST.
Flavor | Version | Tinstall | Tcheck | Ttotal | Status | Flags |
---|---|---|---|---|---|---|
r-devel-linux-x86_64-debian-clang | 0.1.3 | 3.84 | 90.46 | 94.30 | NOTE | |
r-devel-linux-x86_64-debian-gcc | 0.1.3 | 3.22 | 64.73 | 67.95 | NOTE | |
r-devel-linux-x86_64-fedora-clang | 0.1.3 | 115.69 | NOTE | |||
r-devel-linux-x86_64-fedora-gcc | 0.1.3 | 119.61 | NOTE | |||
r-devel-windows-x86_64 | 0.1.3 | 5.00 | 93.00 | 98.00 | NOTE | |
r-patched-linux-x86_64 | 0.1.3 | 3.39 | 86.42 | 89.81 | NOTE | |
r-release-linux-x86_64 | 0.1.3 | 4.57 | 86.30 | 90.87 | NOTE | |
r-release-macos-arm64 | 0.1.3 | 42.00 | NOTE | |||
r-release-windows-x86_64 | 0.1.3 | 6.00 | 95.00 | 101.00 | NOTE | |
r-oldrel-macos-arm64 | 0.1.3 | 42.00 | NOTE | |||
r-oldrel-macos-x86_64 | 0.1.3 | 69.00 | NOTE | |||
r-oldrel-windows-x86_64 | 0.1.3 | 5.00 | 109.00 | 114.00 | NOTE |
Version: 0.1.3
Check: LazyData
Result: NOTE
'LazyData' is specified without a 'data' directory
Flavors: r-devel-linux-x86_64-debian-clang, r-devel-linux-x86_64-debian-gcc, r-devel-linux-x86_64-fedora-clang, r-devel-linux-x86_64-fedora-gcc, r-devel-windows-x86_64, r-patched-linux-x86_64, r-release-linux-x86_64, r-release-macos-arm64, r-release-windows-x86_64, r-oldrel-macos-arm64, r-oldrel-macos-x86_64, r-oldrel-windows-x86_64