Last updated on 2025-02-06 01:49:10 CET.
Flavor | Version | Tinstall | Tcheck | Ttotal | Status | Flags |
---|---|---|---|---|---|---|
r-devel-linux-x86_64-debian-clang | 1.0.0 | 393.11 | 117.17 | 510.28 | OK | |
r-devel-linux-x86_64-debian-gcc | 1.0.0 | 324.33 | 109.46 | 433.79 | OK | |
r-devel-linux-x86_64-fedora-clang | 1.0.0 | 916.37 | OK | |||
r-devel-linux-x86_64-fedora-gcc | 1.0.0 | 1087.63 | OK | |||
r-devel-windows-x86_64 | 1.0.0 | 359.00 | 171.00 | 530.00 | OK | |
r-patched-linux-x86_64 | 1.0.0 | 437.49 | 141.77 | 579.26 | OK | |
r-release-linux-x86_64 | 1.0.0 | 436.79 | 143.23 | 580.02 | OK | |
r-release-macos-arm64 | 1.0.0 | 211.00 | NOTE | |||
r-release-macos-x86_64 | 1.0.0 | 235.00 | NOTE | |||
r-release-windows-x86_64 | 1.0.0 | 351.00 | 164.00 | 515.00 | NOTE | |
r-oldrel-macos-arm64 | 1.0.0 | 216.00 | NOTE | |||
r-oldrel-macos-x86_64 | 1.0.0 | 283.00 | NOTE | |||
r-oldrel-windows-x86_64 | 1.0.0 | 420.00 | 208.00 | 628.00 | ERROR |
Version: 1.0.0
Check: installed package size
Result: NOTE
installed size is 51.2Mb
sub-directories of 1Mb or more:
data 2.8Mb
libs 47.6Mb
Flavors: r-release-macos-arm64, r-release-macos-x86_64, r-release-windows-x86_64, r-oldrel-macos-arm64, r-oldrel-macos-x86_64, r-oldrel-windows-x86_64
Version: 1.0.0
Check: examples
Result: ERROR
Running examples in 'dlmtree-Ex.R' failed
The error most likely occurred in:
> ### Name: get_sbd_dlmtree
> ### Title: Download simulated data for dlmtree articles
> ### Aliases: get_sbd_dlmtree
>
> ### ** Examples
>
> sbd_dlmtree <- get_sbd_dlmtree()
trying URL 'https://github.com/danielmork/dlmtree/raw/master/vignettes/articles/sbd_dlmtree.rda'
Warning in download.file("https://github.com/danielmork/dlmtree/raw/master/vignettes/articles/sbd_dlmtree.rda", :
URL 'https://github.com/danielmork/dlmtree/raw/master/vignettes/articles/sbd_dlmtree.rda': status was 'SSL connect error'
Error in download.file("https://github.com/danielmork/dlmtree/raw/master/vignettes/articles/sbd_dlmtree.rda", :
cannot open URL 'https://github.com/danielmork/dlmtree/raw/master/vignettes/articles/sbd_dlmtree.rda'
Calls: get_sbd_dlmtree -> download.file
Execution halted
Flavor: r-oldrel-windows-x86_64