Last updated on 2024-05-21 02:02:00 CEST.
Flavor | Version | Tinstall | Tcheck | Ttotal | Status | Flags |
---|---|---|---|---|---|---|
r-devel-linux-x86_64-debian-clang | 3.0.2 | 4.31 | 42.69 | 47.00 | NOTE | |
r-devel-linux-x86_64-debian-gcc | 3.0.2 | 2.93 | 33.17 | 36.10 | NOTE | |
r-devel-linux-x86_64-fedora-clang | 3.0.2 | 63.09 | NOTE | |||
r-devel-linux-x86_64-fedora-gcc | 3.0.2 | 69.92 | NOTE | |||
r-devel-windows-x86_64 | 3.0.2 | 8.00 | 97.00 | 105.00 | NOTE | |
r-patched-linux-x86_64 | 3.0.2 | 6.24 | 39.90 | 46.14 | NOTE | |
r-release-linux-x86_64 | 3.0.2 | 2.81 | 40.85 | 43.66 | NOTE | |
r-release-macos-arm64 | 3.0.2 | 31.00 | NOTE | |||
r-release-windows-x86_64 | 3.0.2 | 7.00 | 100.00 | 107.00 | NOTE | |
r-oldrel-macos-arm64 | 3.0.2 | 36.00 | OK | |||
r-oldrel-macos-x86_64 | 3.0.2 | 114.00 | OK | |||
r-oldrel-windows-x86_64 | 3.0.2 | 9.00 | 84.00 | 93.00 | OK |
Version: 3.0.2
Check: Rd files
Result: NOTE
checkRd: (-1) redisWorker.Rd:56: Lost braces; missing escapes or markup?
56 | You can increase it by including a {timeout=n} argument value.
| ^
checkRd: (-1) startLocalWorkers.Rd:54: Lost braces; missing escapes or markup?
54 | You can increase it by including a {timeout=n} argument value.
| ^
Flavors: r-devel-linux-x86_64-debian-clang, r-devel-linux-x86_64-debian-gcc, r-devel-linux-x86_64-fedora-clang, r-devel-linux-x86_64-fedora-gcc, r-devel-windows-x86_64, r-patched-linux-x86_64, r-release-linux-x86_64, r-release-macos-arm64, r-release-windows-x86_64