Last updated on 2025-07-03 01:48:53 CEST.
Flavor | Version | Tinstall | Tcheck | Ttotal | Status | Flags |
---|---|---|---|---|---|---|
r-devel-linux-x86_64-debian-clang | 2.1.0 | 6.31 | 106.00 | 112.31 | NOTE | |
r-devel-linux-x86_64-debian-gcc | 2.1.0 | 4.37 | 73.76 | 78.13 | NOTE | |
r-devel-linux-x86_64-fedora-clang | 2.1.0 | 176.89 | OK | |||
r-devel-linux-x86_64-fedora-gcc | 2.1.0 | 190.40 | OK | |||
r-devel-windows-x86_64 | 2.1.0 | 9.00 | 121.00 | 130.00 | NOTE | |
r-patched-linux-x86_64 | 2.1.0 | 5.89 | 99.58 | 105.47 | NOTE | |
r-release-linux-x86_64 | 2.1.0 | 6.34 | 97.42 | 103.76 | NOTE | |
r-release-macos-arm64 | 2.1.0 | 65.00 | OK | |||
r-release-macos-x86_64 | 2.1.0 | 101.00 | OK | |||
r-release-windows-x86_64 | 2.1.0 | 9.00 | 117.00 | 126.00 | NOTE | |
r-oldrel-macos-arm64 | 2.1.0 | 53.00 | OK | |||
r-oldrel-macos-x86_64 | 2.1.0 | 79.00 | OK | |||
r-oldrel-windows-x86_64 | 2.1.0 | 10.00 | 147.00 | 157.00 | OK |
Version: 2.1.0
Check: Rd cross-references
Result: NOTE
Found the following Rd file(s) with Rd \link{} targets missing package
anchors:
bootAverageDominanceAnalysis.Rd: boot
Please provide package anchors for all Rd \link{} targets not in the
package itself and the base packages.
Flavors: r-devel-linux-x86_64-debian-clang, r-devel-linux-x86_64-debian-gcc, r-devel-windows-x86_64, r-patched-linux-x86_64, r-release-linux-x86_64, r-release-windows-x86_64