Last updated on 2025-02-06 01:49:10 CET.
Flavor | Version | Tinstall | Tcheck | Ttotal | Status | Flags |
---|---|---|---|---|---|---|
r-devel-linux-x86_64-debian-clang | 1.1.1 | 8.55 | 89.05 | 97.60 | NOTE | |
r-devel-linux-x86_64-debian-gcc | 1.1.1 | 5.57 | 63.35 | 68.92 | NOTE | |
r-devel-linux-x86_64-fedora-clang | 1.1.1 | 168.74 | NOTE | |||
r-devel-linux-x86_64-fedora-gcc | 1.1.1 | 162.99 | NOTE | |||
r-devel-windows-x86_64 | 1.1.1 | 11.00 | 110.00 | 121.00 | NOTE | |
r-patched-linux-x86_64 | 1.1.1 | 9.10 | 84.01 | 93.11 | OK | |
r-release-linux-x86_64 | 1.1.1 | 7.30 | 83.34 | 90.64 | OK | |
r-release-macos-arm64 | 1.1.1 | 66.00 | OK | |||
r-release-macos-x86_64 | 1.1.1 | 96.00 | OK | |||
r-release-windows-x86_64 | 1.1.1 | 11.00 | 107.00 | 118.00 | OK | |
r-oldrel-macos-arm64 | 1.1.1 | 73.00 | OK | |||
r-oldrel-macos-x86_64 | 1.1.1 | 122.00 | OK | |||
r-oldrel-windows-x86_64 | 1.1.1 | 13.00 | 129.00 | 142.00 | OK |
Version: 1.1.1
Check: DESCRIPTION meta-information
Result: NOTE
Missing dependency on R >= 4.1.0 because package code uses the pipe
|> or function shorthand \(...) syntax added in R 4.1.0.
File(s) using such syntax:
‘getConstraintTests.R’ ‘getInvarCompTable.R’ ‘outputConstraintTab.R’
‘outputInvarCompTab.R’
Flavors: r-devel-linux-x86_64-debian-clang, r-devel-linux-x86_64-debian-gcc, r-devel-linux-x86_64-fedora-clang, r-devel-linux-x86_64-fedora-gcc, r-devel-windows-x86_64