CRAN Package Check Results for Package dynRB

Last updated on 2025-05-03 01:50:57 CEST.

Flavor Version Tinstall Tcheck Ttotal Status Flags
r-devel-linux-x86_64-debian-clang 0.18 11.82 249.87 261.69 NOTE
r-devel-linux-x86_64-debian-gcc 0.18 8.19 148.58 156.77 NOTE
r-devel-linux-x86_64-fedora-clang 0.18 399.21 OK
r-devel-linux-x86_64-fedora-gcc 0.18 391.77 OK
r-devel-windows-x86_64 0.18 12.00 207.00 219.00 OK
r-patched-linux-x86_64 0.18 11.06 238.02 249.08 OK
r-release-linux-x86_64 OK
r-release-macos-arm64 0.18 135.00 OK
r-release-macos-x86_64 0.18 233.00 OK
r-release-windows-x86_64 0.18 13.00 206.00 219.00 OK
r-oldrel-macos-arm64 0.18 90.00 OK
r-oldrel-macos-x86_64 0.18 189.00 OK
r-oldrel-windows-x86_64 0.18 14.00 292.00 306.00 OK

Check Details

Version: 0.18
Check: CRAN incoming feasibility
Result: NOTE Maintainer: ‘Marco Tschimpke <marco.tschimpke@plus.ac.at>’ No Authors@R field in DESCRIPTION. Please add one, modifying Authors@R: c(person(given = "Manuela", family = "Schreyer", role = "aut", email = "manuelalarissa.schreyer@sbg.ac.at"), person(given = "Wolfgang", family = "Trutschnig", role = "aut", email = "Wolfgang.Trutschnig@sbg.ac.at"), person(given = c("Robert", "R."), family = "Junker", role = "aut", email = "Robert.Junker@sbg.ac.at"), person(given = "Jonas", family = "Kuppler", role = "aut", email = "Jonas.Kuppler@uni-duesseldorf.de"), person(given = "Arne", family = "Bathke", role = "aut", email = "Arne.Bathke@sbg.ac.at"), person(given = c("Judith", "H."), family = "Parkinson", role = "aut", email = "judith.parkinson@sbg.ac.at"), person(given = "Raoul", family = "Kutil", role = "aut", email = "Raoul_Hugo.Kutil@stud.sbg.ac.at"), person(given = "Marco", family = "Tschimpke", role = "cre", email = "marco.tschimpke@plus.ac.at")) as necessary. Flavors: r-devel-linux-x86_64-debian-clang, r-devel-linux-x86_64-debian-gcc