Last updated on 2025-05-01 01:49:29 CEST.
Flavor | Version | Tinstall | Tcheck | Ttotal | Status | Flags |
---|---|---|---|---|---|---|
r-devel-linux-x86_64-debian-clang | 2.5.2 | 9.94 | 79.50 | 89.44 | NOTE | |
r-devel-linux-x86_64-debian-gcc | 2.5.2 | 8.71 | 65.28 | 73.99 | OK | |
r-devel-linux-x86_64-fedora-clang | 2.5.2 | 132.43 | OK | |||
r-devel-linux-x86_64-fedora-gcc | 2.5.2 | 133.24 | OK | |||
r-devel-windows-x86_64 | 2.5.2 | 43.00 | 117.00 | 160.00 | OK | |
r-patched-linux-x86_64 | 2.5.2 | 10.66 | 74.75 | 85.41 | OK | |
r-release-linux-x86_64 | 2.5.2 | 10.43 | 74.30 | 84.73 | OK | |
r-release-macos-arm64 | 2.5.2 | 65.00 | OK | |||
r-release-macos-x86_64 | 2.5.2 | 96.00 | OK | |||
r-release-windows-x86_64 | 2.5.2 | 44.00 | 132.00 | 176.00 | OK | |
r-oldrel-macos-arm64 | 2.5.2 | 55.00 | NOTE | |||
r-oldrel-macos-x86_64 | 2.5.2 | 95.00 | NOTE | |||
r-oldrel-windows-x86_64 | 2.5.2 | 48.00 | 127.00 | 175.00 | NOTE |
Version: 2.5.2
Check: examples
Result: NOTE
Examples with CPU (user + system) or elapsed time > 5s
user system elapsed
eafdiffplot 4.352 0.094 6.061
Flavor: r-devel-linux-x86_64-debian-clang
Version: 2.5.2
Check: for GNU extensions in Makefiles
Result: NOTE
GNU make is a SystemRequirements.
Flavors: r-oldrel-macos-arm64, r-oldrel-macos-x86_64, r-oldrel-windows-x86_64