CRAN Package Check Results for Package easyNCDF

Last updated on 2025-02-21 02:52:10 CET.

Flavor Version Tinstall Tcheck Ttotal Status Flags
r-devel-linux-x86_64-debian-clang 0.1.2 3.49 23.16 26.65 NOTE
r-devel-linux-x86_64-debian-gcc 0.1.2 2.58 17.70 20.28 NOTE
r-devel-linux-x86_64-fedora-clang 0.1.2 45.18 NOTE
r-devel-linux-x86_64-fedora-gcc 0.1.2 42.54 NOTE
r-devel-macos-arm64 0.1.2 17.00 NOTE
r-devel-macos-x86_64 0.1.2 27.00 NOTE
r-devel-windows-x86_64 0.1.2 4.00 47.00 51.00 NOTE
r-patched-linux-x86_64 0.1.2 3.44 22.74 26.18 NOTE
r-release-linux-x86_64 0.1.2 3.38 22.29 25.67 NOTE
r-release-macos-arm64 0.1.2 17.00 NOTE
r-release-macos-x86_64 0.1.2 29.00 NOTE
r-release-windows-x86_64 0.1.2 5.00 42.00 47.00 NOTE
r-oldrel-macos-arm64 0.1.2 20.00 OK
r-oldrel-macos-x86_64 0.1.2 37.00 OK
r-oldrel-windows-x86_64 0.1.2 5.00 45.00 50.00 OK

Check Details

Version: 0.1.2
Check: Rd files
Result: NOTE checkRd: (-1) ArrayToNc.Rd:30-38: Lost braces in \itemize; meant \describe ? checkRd: (-1) ArrayToNc.Rd:39-50: Lost braces in \itemize; meant \describe ? checkRd: (-1) ArrayToNc.Rd:51-76: Lost braces in \itemize; meant \describe ? Flavors: r-devel-linux-x86_64-debian-clang, r-devel-linux-x86_64-debian-gcc, r-devel-linux-x86_64-fedora-clang, r-devel-linux-x86_64-fedora-gcc, r-devel-macos-arm64, r-devel-macos-x86_64, r-devel-windows-x86_64, r-patched-linux-x86_64, r-release-linux-x86_64, r-release-macos-arm64, r-release-macos-x86_64, r-release-windows-x86_64