Last updated on 2024-05-21 02:02:00 CEST.
Flavor | Version | Tinstall | Tcheck | Ttotal | Status | Flags |
---|---|---|---|---|---|---|
r-devel-linux-x86_64-debian-clang | 0.1.0 | 8.75 | 71.71 | 80.46 | NOTE | |
r-devel-linux-x86_64-debian-gcc | 0.1.0 | 6.69 | 51.65 | 58.34 | NOTE | |
r-devel-linux-x86_64-fedora-clang | 0.1.0 | 106.22 | NOTE | |||
r-devel-linux-x86_64-fedora-gcc | 0.1.0 | 106.51 | NOTE | |||
r-devel-windows-x86_64 | 0.1.0 | 9.00 | 69.00 | 78.00 | NOTE | |
r-patched-linux-x86_64 | 0.1.0 | 5.31 | 65.19 | 70.50 | NOTE | |
r-release-linux-x86_64 | 0.1.0 | 4.86 | 66.01 | 70.87 | NOTE | |
r-release-macos-arm64 | 0.1.0 | 36.00 | NOTE | |||
r-release-windows-x86_64 | 0.1.0 | 8.00 | 69.00 | 77.00 | NOTE | |
r-oldrel-macos-arm64 | 0.1.0 | 42.00 | NOTE | |||
r-oldrel-macos-x86_64 | 0.1.0 | 65.00 | NOTE | |||
r-oldrel-windows-x86_64 | 0.1.0 | 10.00 | 79.00 | 89.00 | NOTE |
Version: 0.1.0
Check: LazyData
Result: NOTE
'LazyData' is specified without a 'data' directory
Flavors: r-devel-linux-x86_64-debian-clang, r-devel-linux-x86_64-debian-gcc, r-devel-linux-x86_64-fedora-clang, r-devel-linux-x86_64-fedora-gcc, r-devel-windows-x86_64, r-patched-linux-x86_64, r-release-linux-x86_64, r-release-macos-arm64, r-release-windows-x86_64, r-oldrel-macos-arm64, r-oldrel-macos-x86_64, r-oldrel-windows-x86_64