Last updated on 2024-05-21 02:02:00 CEST.
Flavor | Version | Tinstall | Tcheck | Ttotal | Status | Flags |
---|---|---|---|---|---|---|
r-devel-linux-x86_64-debian-clang | 1.1.2 | 4.19 | 65.53 | 69.72 | NOTE | |
r-devel-linux-x86_64-debian-gcc | 1.1.2 | 3.45 | 49.68 | 53.13 | NOTE | |
r-devel-linux-x86_64-fedora-clang | 1.1.2 | 94.18 | NOTE | |||
r-devel-linux-x86_64-fedora-gcc | 1.1.2 | 108.25 | NOTE | |||
r-devel-windows-x86_64 | 1.1.2 | 5.00 | 78.00 | 83.00 | NOTE | |
r-patched-linux-x86_64 | 1.1.2 | 5.48 | 62.25 | 67.73 | NOTE | |
r-release-linux-x86_64 | 1.1.2 | 4.74 | 62.96 | 67.70 | NOTE | |
r-release-macos-arm64 | 1.1.2 | 43.00 | NOTE | |||
r-release-windows-x86_64 | 1.1.2 | 5.00 | 78.00 | 83.00 | NOTE | |
r-oldrel-macos-arm64 | 1.1.2 | 46.00 | NOTE | |||
r-oldrel-macos-x86_64 | 1.1.2 | 107.00 | NOTE | |||
r-oldrel-windows-x86_64 | 1.1.2 | 4.00 | 87.00 | 91.00 | NOTE |
Version: 1.1.2
Check: package dependencies
Result: NOTE
Package which this enhances but not available for checking: ‘gurobi’
Flavors: r-devel-linux-x86_64-debian-clang, r-devel-linux-x86_64-debian-gcc, r-devel-linux-x86_64-fedora-clang, r-devel-linux-x86_64-fedora-gcc, r-devel-windows-x86_64, r-patched-linux-x86_64, r-release-linux-x86_64, r-release-macos-arm64, r-release-windows-x86_64, r-oldrel-macos-arm64, r-oldrel-macos-x86_64, r-oldrel-windows-x86_64