CRAN Package Check Results for Package ed50

Last updated on 2025-05-05 01:50:46 CEST.

Flavor Version Tinstall Tcheck Ttotal Status Flags
r-devel-linux-x86_64-debian-clang 0.1.1 2.35 24.10 26.45 NOTE
r-devel-linux-x86_64-debian-gcc 0.1.1 1.59 18.20 19.79 NOTE
r-devel-linux-x86_64-fedora-clang 0.1.1 41.86 OK
r-devel-linux-x86_64-fedora-gcc 0.1.1 41.55 OK
r-devel-windows-x86_64 0.1.1 4.00 45.00 49.00 OK
r-patched-linux-x86_64 0.1.1 2.54 23.36 25.90 OK
r-release-linux-x86_64 0.1.1 2.45 23.19 25.64 OK
r-release-macos-arm64 0.1.1 18.00 OK
r-release-macos-x86_64 0.1.1 29.00 OK
r-release-windows-x86_64 0.1.1 4.00 47.00 51.00 OK
r-oldrel-macos-arm64 0.1.1 16.00 OK
r-oldrel-macos-x86_64 0.1.1 23.00 OK
r-oldrel-windows-x86_64 0.1.1 3.00 50.00 53.00 OK

Check Details

Version: 0.1.1
Check: CRAN incoming feasibility
Result: NOTE Maintainer: ‘Yongbo Gan <yongbogan@whu.edu.cn>’ No Authors@R field in DESCRIPTION. Please add one, modifying Authors@R: c(person(given = "Yongbo", family = "Gan", role = c("aut", "cre"), email = "yongbogan@whu.edu.cn"), person(given = "Zhijian", family = "Yang", role = "aut"), person(given = "Wei", family = "Mei", role = "aut")) as necessary. Flavors: r-devel-linux-x86_64-debian-clang, r-devel-linux-x86_64-debian-gcc