CRAN Package Check Results for Package ediblecity

Last updated on 2025-04-15 01:50:31 CEST.

Flavor Version Tinstall Tcheck Ttotal Status Flags
r-devel-linux-x86_64-debian-clang 0.2.1 8.03 99.67 107.70 NOTE
r-devel-linux-x86_64-debian-gcc 0.2.1 6.15 66.36 72.51 NOTE
r-devel-linux-x86_64-fedora-clang 0.2.1 169.70 NOTE
r-devel-linux-x86_64-fedora-gcc 0.2.1 178.93 NOTE
r-devel-windows-x86_64 0.2.1 11.00 103.00 114.00 NOTE
r-patched-linux-x86_64 0.2.1 8.18 92.13 100.31 NOTE
r-release-linux-x86_64 0.2.1 7.97 92.09 100.06 NOTE
r-release-macos-arm64 0.2.1 70.00 NOTE
r-release-macos-x86_64 0.2.1 107.00 NOTE
r-release-windows-x86_64 0.2.1 10.00 103.00 113.00 NOTE
r-oldrel-macos-arm64 0.2.1 52.00 OK
r-oldrel-macos-x86_64 0.2.1 78.00 OK
r-oldrel-windows-x86_64 0.2.1 12.00 128.00 140.00 OK

Check Details

Version: 0.2.1
Check: DESCRIPTION meta-information
Result: NOTE Missing dependency on R >= 4.1.0 because package code uses the pipe |> or function shorthand \(...) syntax added in R 4.1.0. File(s) using such syntax: ‘indicator_volunteers.R’ Flavors: r-devel-linux-x86_64-debian-clang, r-devel-linux-x86_64-debian-gcc, r-devel-linux-x86_64-fedora-clang, r-devel-linux-x86_64-fedora-gcc, r-devel-windows-x86_64, r-patched-linux-x86_64, r-release-linux-x86_64, r-release-macos-arm64, r-release-macos-x86_64, r-release-windows-x86_64