Last updated on 2024-05-21 02:02:00 CEST.
Flavor | Version | Tinstall | Tcheck | Ttotal | Status | Flags |
---|---|---|---|---|---|---|
r-devel-linux-x86_64-debian-clang | 0.1.3 | 3.26 | 33.57 | 36.83 | OK | |
r-devel-linux-x86_64-debian-gcc | 0.1.3 | 2.24 | 25.35 | 27.59 | OK | |
r-devel-linux-x86_64-fedora-clang | 0.1.3 | 49.17 | OK | |||
r-devel-linux-x86_64-fedora-gcc | 0.1.3 | 55.73 | OK | |||
r-devel-windows-x86_64 | 0.1.3 | 4.00 | 51.00 | 55.00 | OK | |
r-patched-linux-x86_64 | 0.1.3 | 2.50 | 31.27 | 33.77 | OK | |
r-release-linux-x86_64 | 0.1.3 | 2.11 | 32.09 | 34.20 | OK | |
r-release-macos-arm64 | 0.1.3 | 38.00 | ERROR | |||
r-release-windows-x86_64 | 0.1.3 | 5.00 | 51.00 | 56.00 | OK | |
r-oldrel-macos-arm64 | 0.1.3 | 35.00 | OK | |||
r-oldrel-macos-x86_64 | 0.1.3 | 44.00 | OK | |||
r-oldrel-windows-x86_64 | 0.1.3 | 4.00 | 52.00 | 56.00 | OK |
Version: 0.1.3
Check: re-building of vignette outputs
Result: ERROR
Error(s) in re-building vignettes:
...
--- re-building ‘introducing-educationdata.Rmd’ using rmarkdown
Quitting from lines 55-64 [usage-02] (introducing-educationdata.Rmd)
Error: processing vignette 'introducing-educationdata.Rmd' failed with diagnostics:
Timeout was reached: [educationdata.urban.org] Resolving timed out after 10006 milliseconds
--- failed re-building ‘introducing-educationdata.Rmd’
SUMMARY: processing the following file failed:
‘introducing-educationdata.Rmd’
Error: Vignette re-building failed.
Execution halted
Flavor: r-release-macos-arm64