Last updated on 2025-04-30 01:50:18 CEST.
Flavor | Version | Tinstall | Tcheck | Ttotal | Status | Flags |
---|---|---|---|---|---|---|
r-devel-linux-x86_64-debian-clang | 4.2-2 | 12.92 | 170.71 | 183.63 | NOTE | |
r-devel-linux-x86_64-debian-gcc | 4.2-2 | 9.48 | 120.58 | 130.06 | NOTE | |
r-devel-linux-x86_64-fedora-clang | 4.2-2 | 305.80 | OK | |||
r-devel-linux-x86_64-fedora-gcc | 4.2-2 | 310.57 | OK | |||
r-devel-windows-x86_64 | 4.2-2 | 15.00 | 215.00 | 230.00 | NOTE | |
r-patched-linux-x86_64 | 4.2-2 | 14.66 | 163.59 | 178.25 | NOTE | |
r-release-linux-x86_64 | 4.2-2 | 13.77 | 160.97 | 174.74 | NOTE | |
r-release-macos-arm64 | 4.2-2 | 106.00 | OK | |||
r-release-macos-x86_64 | 4.2-2 | 212.00 | OK | |||
r-release-windows-x86_64 | 4.2-2 | 17.00 | 213.00 | 230.00 | NOTE | |
r-oldrel-macos-arm64 | 4.2-2 | 88.00 | OK | |||
r-oldrel-macos-x86_64 | 4.2-2 | 223.00 | OK | |||
r-oldrel-windows-x86_64 | 4.2-2 | 19.00 | 251.00 | 270.00 | OK |
Version: 4.2-2
Check: CRAN incoming feasibility
Result: NOTE
Maintainer: ‘John Fox <jfox@mcmaster.ca>’
Package CITATION file contains call(s) to old-style personList() or
as.personList(). Please use c() on person objects instead.
Package CITATION file contains call(s) to old-style citEntry(). Please
use bibentry() instead.
Flavors: r-devel-linux-x86_64-debian-clang, r-devel-linux-x86_64-debian-gcc
Version: 4.2-2
Check: Rd cross-references
Result: NOTE
Found the following Rd file(s) with Rd \link{} targets missing package
anchors:
effCoef.Rd: get_parameters
effect.Rd: gls, multinom, polr, lmer, glmer, svyglm, xyplot,
densityplot, barchart
effectsTheme.Rd: trellis.device, trellis.par.set
plot.effect.Rd: sequential_hcl, lattice, xyplot, densityplot,
print.trellis
Please provide package anchors for all Rd \link{} targets not in the
package itself and the base packages.
Flavors: r-devel-linux-x86_64-debian-clang, r-devel-linux-x86_64-debian-gcc, r-devel-windows-x86_64, r-patched-linux-x86_64, r-release-linux-x86_64, r-release-windows-x86_64
Version: 4.2-2
Check: examples
Result: NOTE
Examples with CPU (user + system) or elapsed time > 5s
user system elapsed
effect 5.023 0.103 7.201
Flavor: r-devel-linux-x86_64-debian-clang