Last updated on 2025-04-30 01:50:18 CEST.
Flavor | Version | Tinstall | Tcheck | Ttotal | Status | Flags |
---|---|---|---|---|---|---|
r-devel-linux-x86_64-debian-clang | 1.0.0 | 9.48 | 308.91 | 318.39 | NOTE | |
r-devel-linux-x86_64-debian-gcc | 1.0.0 | 6.16 | 209.99 | 216.15 | OK | |
r-devel-linux-x86_64-fedora-clang | 1.0.0 | 538.60 | OK | |||
r-devel-linux-x86_64-fedora-gcc | 1.0.0 | 530.60 | OK | |||
r-devel-windows-x86_64 | 1.0.0 | 11.00 | 279.00 | 290.00 | OK | |
r-patched-linux-x86_64 | 1.0.0 | 10.14 | 292.16 | 302.30 | OK | |
r-release-linux-x86_64 | 1.0.0 | 8.82 | 291.18 | 300.00 | OK | |
r-release-macos-arm64 | 1.0.0 | 165.00 | OK | |||
r-release-macos-x86_64 | 1.0.0 | 314.00 | OK | |||
r-release-windows-x86_64 | 1.0.0 | 14.00 | 271.00 | 285.00 | OK | |
r-oldrel-macos-arm64 | 1.0.0 | 131.00 | OK | |||
r-oldrel-macos-x86_64 | 1.0.0 | 264.00 | OK | |||
r-oldrel-windows-x86_64 | 1.0.0 | 17.00 | 361.00 | 378.00 | OK |
Version: 1.0.0
Check: examples
Result: NOTE
Examples with CPU (user + system) or elapsed time > 5s
user system elapsed
effectsize 6.112 0.156 8.379
eta_squared 5.471 0.171 7.850
Flavor: r-devel-linux-x86_64-debian-clang