Last updated on 2025-10-25 01:50:58 CEST.
| Flavor | Version | Tinstall | Tcheck | Ttotal | Status | Flags |
|---|---|---|---|---|---|---|
| r-devel-linux-x86_64-debian-clang | 0.1.2 | 10.66 | 84.58 | 95.24 | OK | |
| r-devel-linux-x86_64-debian-gcc | 0.1.2 | 7.82 | 64.28 | 72.10 | OK | |
| r-devel-linux-x86_64-fedora-clang | 0.1.2 | 37.00 | 152.17 | 189.17 | NOTE | |
| r-devel-linux-x86_64-fedora-gcc | 0.1.2 | 26.00 | 147.51 | 173.51 | NOTE | |
| r-devel-windows-x86_64 | 0.1.2 | 14.00 | 153.00 | 167.00 | OK | |
| r-patched-linux-x86_64 | 0.1.2 | 10.37 | 90.00 | 100.37 | OK | |
| r-release-linux-x86_64 | 0.1.2 | 10.78 | 90.18 | 100.96 | OK | |
| r-release-macos-arm64 | 0.1.2 | 6.00 | 53.00 | 59.00 | OK | |
| r-release-macos-x86_64 | 0.1.2 | 12.00 | 108.00 | 120.00 | OK | |
| r-release-windows-x86_64 | 0.1.2 | 14.00 | 152.00 | 166.00 | OK | |
| r-oldrel-macos-arm64 | 0.1.2 | 7.00 | 57.00 | 64.00 | OK | |
| r-oldrel-macos-x86_64 | 0.1.2 | 13.00 | 108.00 | 121.00 | OK | |
| r-oldrel-windows-x86_64 | 0.1.2 | 16.00 | 184.00 | 200.00 | OK |
Version: 0.1.2
Check: dependencies in R code
Result: NOTE
Namespace in Imports field not imported from: ‘mathjaxr’
All declared Imports should be used.
Flavors: r-devel-linux-x86_64-fedora-clang, r-devel-linux-x86_64-fedora-gcc